{"id":3730,"date":"2023-10-17T15:39:50","date_gmt":"2023-10-17T13:39:50","guid":{"rendered":"https:\/\/www.aacmb.fr\/wordpress\/?page_id=3730"},"modified":"2023-11-02T18:44:21","modified_gmt":"2023-11-02T17:44:21","slug":"prusaslicer","status":"publish","type":"page","link":"https:\/\/www.aacmb.fr\/wordpress\/prusaslicer\/","title":{"rendered":"Les slicers &#8211; PrusaSlicer"},"content":{"rendered":"<p style=\"text-align: right;\"><a class=\"maxbutton-1 maxbutton maxbutton-boutonretour\" title=\"Retour \u00e0 la page pr\u00e9c\u00e9dente\" href=\"\"><span class='mb-text'>Retour<\/span><\/a><\/p>\n<p>Prusa est un excellent fournisseur de mat\u00e9riel d&rsquo;impression 3D.<\/p>\n<p>Cette soci\u00e9t\u00e9 met aussi \u00e0 disposition son trancheur, utilisable avec de nombreux autres mod\u00e8les d&rsquo;imprimante 3D, et en particulier avec ma Kobra 2.<br \/>\nQue vaut donc ce trancheur ?<\/p>\n<h1>L&rsquo;interface<\/h1>\n<p>Au lancement, l&rsquo;interface est tr\u00e8s simple d&rsquo;utilisation.<\/p>\n<p><img loading=\"lazy\" decoding=\"async\" class=\"size-full wp-image-3782 aligncenter\" src=\"https:\/\/www.aacmb.fr\/wordpress\/wp-content\/uploads\/2023\/10\/prusa_01-e1698611262406.png\" alt=\"\" width=\"500\" height=\"268\" srcset=\"https:\/\/www.aacmb.fr\/wordpress\/wp-content\/uploads\/2023\/10\/prusa_01-e1698611262406.png 500w, https:\/\/www.aacmb.fr\/wordpress\/wp-content\/uploads\/2023\/10\/prusa_01-e1698611262406-350x188.png 350w\" sizes=\"auto, (max-width: 500px) 100vw, 500px\" \/><\/p>\n<p>L&rsquo;outil propose par d\u00e9faut 4 onglets qui vont permettre d&rsquo;acc\u00e9der \u00e0 tous les r\u00e9glages utiles :<\/p>\n<ul>\n<li>la repr\u00e9sentation du plateau avec ses outils de manipulation de l&rsquo;objet \u00e0 trancher (chargement, positionnement, \u00e9chelle, mise \u00e0 plat,&#8230;),<\/li>\n<li>les r\u00e9glages d&rsquo;impression (supports, remplissage, bordure, &#8230;),<\/li>\n<li>les r\u00e9glages du filament(temp\u00e9rature, refroidissement, r\u00e9tracation,&#8230;),<\/li>\n<li>des r\u00e9glages compl\u00e9mentaires de l&rsquo;imprimante.<\/li>\n<\/ul>\n<p>Et pour chacun de ces r\u00e9glages, l&rsquo;acc\u00e8s \u00e0 3 modes : simple, avanc\u00e9, expert.<\/p>\n<h1>Choix et configuration de l&rsquo;imprimante<\/h1>\n<p>Pour la configuration globale, vous trouverez toutes les informations n\u00e9cessaires sur cet article d\u00e9di\u00e9 : <a href=\"https:\/\/www.aacmb.fr\/wordpress\/2023\/10\/24\/configuration-des-slicers-trancheurs\/\">Configuration des slicers \/ trancheurs<\/a><\/p>\n<h1>Chargement du mod\u00e8le \u00e0 imprimer<\/h1>\n<p>Depuis l&rsquo;onglet \u00ab\u00a0Plateau\u00a0\u00bb, vous disposez directement d&rsquo;une s\u00e9rie d&rsquo;ic\u00f4nes, pour manipuler le ou les objets. Pour le moment, seule l&rsquo;ic\u00f4ne de gauche nous int\u00e9resse.<\/p>\n<p><img loading=\"lazy\" decoding=\"async\" class=\"size-full wp-image-3785 aligncenter\" src=\"https:\/\/www.aacmb.fr\/wordpress\/wp-content\/uploads\/2023\/10\/prusa_02-e1698612527922.png\" alt=\"\" width=\"400\" height=\"43\" srcset=\"https:\/\/www.aacmb.fr\/wordpress\/wp-content\/uploads\/2023\/10\/prusa_02-e1698612527922.png 400w, https:\/\/www.aacmb.fr\/wordpress\/wp-content\/uploads\/2023\/10\/prusa_02-e1698612527922-350x38.png 350w\" sizes=\"auto, (max-width: 400px) 100vw, 400px\" \/><\/p>\n<p>Apr\u00e8s chargement de l&rsquo;objet, les autres ic\u00f4nes sont activ\u00e9es, offrant d&rsquo;autres possibilit\u00e9s (duplication, r\u00e9organisation automatique sur le plateau par exemple).<\/p>\n<p><img loading=\"lazy\" decoding=\"async\" class=\"size-full wp-image-3787 aligncenter\" src=\"https:\/\/www.aacmb.fr\/wordpress\/wp-content\/uploads\/2023\/10\/prusa_03-e1698612829212.png\" alt=\"\" width=\"500\" height=\"301\" srcset=\"https:\/\/www.aacmb.fr\/wordpress\/wp-content\/uploads\/2023\/10\/prusa_03-e1698612829212.png 500w, https:\/\/www.aacmb.fr\/wordpress\/wp-content\/uploads\/2023\/10\/prusa_03-e1698612829212-350x211.png 350w\" sizes=\"auto, (max-width: 500px) 100vw, 500px\" \/><\/p>\n<p>On dispose aussi maintenant d&rsquo;une barre d&rsquo;outils sur la gauche de l&rsquo;\u00e9cran pour d\u00e9placer, redimensionner, mettre \u00e0 plat l&rsquo;objet.<\/p>\n<p>A noter que la touche Z permet de zoomer au mieux pour visualiser l&rsquo;objet.<\/p>\n<h1>D\u00e9coupe de l&rsquo;objet<\/h1>\n<p>A ce stade, il est possible d&rsquo;effectuer un premier slice de l&rsquo;objet, simplement en cliquant sur le bouton\u00a0 \u00ab\u00a0D\u00e9couper maintenant\u00a0\u00bb (en bas \u00e0 droite de la fen\u00eatre).<\/p>\n<p><img loading=\"lazy\" decoding=\"async\" class=\"size-full wp-image-3789 aligncenter\" src=\"https:\/\/www.aacmb.fr\/wordpress\/wp-content\/uploads\/2023\/10\/prusa_04-e1698613357324.png\" alt=\"\" width=\"500\" height=\"255\" srcset=\"https:\/\/www.aacmb.fr\/wordpress\/wp-content\/uploads\/2023\/10\/prusa_04-e1698613357324.png 500w, https:\/\/www.aacmb.fr\/wordpress\/wp-content\/uploads\/2023\/10\/prusa_04-e1698613357324-350x179.png 350w\" sizes=\"auto, (max-width: 500px) 100vw, 500px\" \/><\/p>\n<p>Vous obtenez, apr\u00e8s un certain temps, une repr\u00e9sentation du tranchage, avec un certain nombre d&rsquo;informations (le temps estim\u00e9 d&rsquo;impression, le poids de filament, et une l\u00e9gende avec le d\u00e9tail sur chaque op\u00e9ration d&rsquo;impression.<\/p>\n<p>ATTENTION : le tranchage va utiliser le param\u00e9trage d\u00e9fini dans le r\u00e9glage d&rsquo;impression. Ici dans mon cas, j&rsquo;ai d\u00e9fini l&rsquo;impression d&rsquo;une jupe pour am\u00e9liorer l&rsquo;adh\u00e9rence, et l&rsquo;utilisation de supports arborescents. Je reviendrais plus tard sur les diff\u00e9rents r\u00e9glages.<\/p>\n<p>Ce qu&rsquo;il faut retenir, et c&rsquo;est un point important, c&rsquo;est que PrusaSlicer va vous pr\u00e9venir si, pour lui, il existe un probl\u00e8me potentiel \u00e0 l&rsquo;impression (probl\u00e8me d&rsquo;adh\u00e9rence, probl\u00e8me de manque de support, etc). C&rsquo;est un point tr\u00e8s positif par rapport \u00e0 Cura par exemple.<\/p>\n<h1>Les r\u00e9glages d&rsquo;impression<\/h1>\n<p>De la bonne valorisation des r\u00e9glages va d\u00e9pendre le r\u00e9sultat.<\/p>\n<p>Prenons l&rsquo;exemple ci-dessous :<\/p>\n<p><img loading=\"lazy\" decoding=\"async\" class=\"size-full wp-image-3793 aligncenter\" src=\"https:\/\/www.aacmb.fr\/wordpress\/wp-content\/uploads\/2023\/10\/prusa_05-e1698750030685.png\" alt=\"\" width=\"500\" height=\"367\" srcset=\"https:\/\/www.aacmb.fr\/wordpress\/wp-content\/uploads\/2023\/10\/prusa_05-e1698750030685.png 500w, https:\/\/www.aacmb.fr\/wordpress\/wp-content\/uploads\/2023\/10\/prusa_05-e1698750030685-350x257.png 350w\" sizes=\"auto, (max-width: 500px) 100vw, 500px\" \/><\/p>\n<p>Avec un peu d&rsquo;habitude, on \u00ab\u00a0sent\u00a0\u00bb que cette impression va poser quelques probl\u00e8mes :<\/p>\n<ul>\n<li>surface de contact potentiellement faible et d\u00e9cal\u00e9e par rapport au centre de gravit\u00e9 du mod\u00e8le,<\/li>\n<li>des surfaces en aplomb (\u00e9paule droite, menton).<\/li>\n<\/ul>\n<p>Si on d\u00e9coupe le mod\u00e8le avec la configuration basique de prusaSlicer, on obtient le r\u00e9sultat suivant :<\/p>\n<p><img loading=\"lazy\" decoding=\"async\" class=\"size-full wp-image-3795 aligncenter\" src=\"https:\/\/www.aacmb.fr\/wordpress\/wp-content\/uploads\/2023\/10\/prusa_06-e1698750487669.png\" alt=\"\" width=\"500\" height=\"491\" srcset=\"https:\/\/www.aacmb.fr\/wordpress\/wp-content\/uploads\/2023\/10\/prusa_06-e1698750487669.png 500w, https:\/\/www.aacmb.fr\/wordpress\/wp-content\/uploads\/2023\/10\/prusa_06-e1698750487669-350x344.png 350w\" sizes=\"auto, (max-width: 500px) 100vw, 500px\" \/><\/p>\n<p>Nous obtenons un message d&rsquo;avertissement nous indiquant qu&rsquo;il existe des probl\u00e8mes d&rsquo;instabilit\u00e9.<\/p>\n<p>En cliquant sur \u00ab\u00a0Plus\u00a0\u00bb, PrusaSlicer nous indique bien la pr\u00e9sence de ponts en l&rsquo;air, qui n\u00e9cessitent la mise en place de supports.<\/p>\n<p>L&rsquo;onglet \u00ab\u00a0R\u00e9glages d&rsquo;impression\u00a0\u00bb va nous permettre de r\u00e9soudre bien des probl\u00e8mes. Le mode \u00ab\u00a0Simple\u00a0\u00bb va pour le moment \u00eatre suffisant.<\/p>\n<p><img loading=\"lazy\" decoding=\"async\" class=\"size-full wp-image-3798 aligncenter\" src=\"https:\/\/www.aacmb.fr\/wordpress\/wp-content\/uploads\/2023\/11\/prusa_07-e1698945624221.png\" alt=\"\" width=\"501\" height=\"219\" srcset=\"https:\/\/www.aacmb.fr\/wordpress\/wp-content\/uploads\/2023\/11\/prusa_07-e1698945624221.png 501w, https:\/\/www.aacmb.fr\/wordpress\/wp-content\/uploads\/2023\/11\/prusa_07-e1698945624221-350x153.png 350w\" sizes=\"auto, (max-width: 501px) 100vw, 501px\" \/><\/p>\n<p>Je ne vais pas ici d\u00e9tailler toutes les param\u00e8tres pr\u00e9sents. Il faut juste avoir en t\u00eate que l&rsquo;on va pouvoir influer sur tous les param\u00e8tres principaux, \u00e0 savoir :<\/p>\n<ul>\n<li>la mise en place d&rsquo;un radeau ou bordure, pour am\u00e9liorer l&rsquo;adh\u00e9rence du mod\u00e8le,<\/li>\n<li>la mise en place de supports, pour r\u00e9soudre les probl\u00e8mes de ponts,<\/li>\n<li>le param\u00e9trage du remplissage, afin de trouver le meilleur compromis entre r\u00e9sistance, volume de mati\u00e8re et temps d&rsquo;impression.<\/li>\n<\/ul>\n<h1>Une attention particuli\u00e8re sur les supports<\/h1>\n<p>Si en mode \u00ab\u00a0Simple\u00a0\u00bb, le param\u00e9trage des supports se r\u00e9sume \u00e0 en mettre ou pas, on d\u00e9couvre dans les modes \u00ab\u00a0Avanc\u00e9\u00a0\u00bb et \u00ab\u00a0Expert\u00a0\u00bb, beaucoup d&rsquo;autres options possibles, et en particulier la notion de \u00ab\u00a0support organique\u00a0\u00bb.<\/p>\n<p><img loading=\"lazy\" decoding=\"async\" class=\"size-full wp-image-3799 aligncenter\" src=\"https:\/\/www.aacmb.fr\/wordpress\/wp-content\/uploads\/2023\/11\/prusa_08-e1698946215713.png\" alt=\"\" width=\"250\" height=\"141\" \/><\/p>\n<p>Le principal probl\u00e8me des supports est la difficult\u00e9 \u00e0 les retirer, et les traces laiss\u00e9es. Ce probl\u00e8me est g\u00e9n\u00e9ralement r\u00e9solu avec l&rsquo;utilisation des supports organiques, qui sont en fait g\u00e9n\u00e9r\u00e9s comme les branches d&rsquo;un arbre. Souvent creux, ils sont faciles a \u00f4ter, et ne laisse g\u00e9n\u00e9ralement pas de trace.<\/p>\n<p>On arrive alors \u00e0 un r\u00e9sultat garantissant une impression sans d\u00e9faut.<\/p>\n<p><img loading=\"lazy\" decoding=\"async\" class=\"size-full wp-image-3800 aligncenter\" src=\"https:\/\/www.aacmb.fr\/wordpress\/wp-content\/uploads\/2023\/11\/prusa_09-e1698946655377.png\" alt=\"\" width=\"500\" height=\"301\" srcset=\"https:\/\/www.aacmb.fr\/wordpress\/wp-content\/uploads\/2023\/11\/prusa_09-e1698946655377.png 500w, https:\/\/www.aacmb.fr\/wordpress\/wp-content\/uploads\/2023\/11\/prusa_09-e1698946655377-350x211.png 350w\" sizes=\"auto, (max-width: 500px) 100vw, 500px\" \/><\/p>\n<p>Dans cette configuration, les supports repr\u00e9sentent environ 18 % de l&rsquo;impression totale.<\/p>\n<p>Par comparaison, l&rsquo;utilisation de supports \u00ab\u00a0classiques\u00a0\u00bb aurait rendue tr\u00e8s difficile le d\u00e9collage et le nettoyage de la pi\u00e8ce, et aurait repr\u00e9sent\u00e9 pr\u00e8s de 31% de l&rsquo;impression.<\/p>\n<p><img loading=\"lazy\" decoding=\"async\" class=\"size-full wp-image-3801 aligncenter\" src=\"https:\/\/www.aacmb.fr\/wordpress\/wp-content\/uploads\/2023\/11\/prusa_10-e1698946890153.png\" alt=\"\" width=\"500\" height=\"318\" srcset=\"https:\/\/www.aacmb.fr\/wordpress\/wp-content\/uploads\/2023\/11\/prusa_10-e1698946890153.png 500w, https:\/\/www.aacmb.fr\/wordpress\/wp-content\/uploads\/2023\/11\/prusa_10-e1698946890153-350x223.png 350w\" sizes=\"auto, (max-width: 500px) 100vw, 500px\" \/><\/p>\n<p>A vous maintenant de d\u00e9couvrir toutes les autres possibilit\u00e9s de ce slicer.<\/p>\n<p>&nbsp;<\/p>\n","protected":false},"excerpt":{"rendered":"<p>Prusa est un excellent fournisseur de mat\u00e9riel d&rsquo;impression 3D. Cette soci\u00e9t\u00e9 met aussi \u00e0 disposition son trancheur, utilisable avec de nombreux autres mod\u00e8les d&rsquo;imprimante 3D, et en particulier avec ma Kobra 2. Que vaut donc ce trancheur ? L&rsquo;interface Au lancement, l&rsquo;interface est tr\u00e8s simple d&rsquo;utilisation. L&rsquo;outil propose par d\u00e9faut 4 onglets qui vont permettre &hellip; <\/p>\n<p class=\"link-more\"><a href=\"https:\/\/www.aacmb.fr\/wordpress\/prusaslicer\/\" class=\"more-link\">Continuer la lecture<span class=\"screen-reader-text\"> de &laquo;&nbsp;Les slicers &#8211; PrusaSlicer&nbsp;&raquo;<\/span><\/a><\/p>\n","protected":false},"author":1,"featured_media":0,"parent":0,"menu_order":0,"comment_status":"closed","ping_status":"closed","template":"","meta":{"footnotes":""},"categories":[],"tags":[],"class_list":["post-3730","page","type-page","status-publish","hentry"],"_links":{"self":[{"href":"https:\/\/www.aacmb.fr\/wordpress\/wp-json\/wp\/v2\/pages\/3730","targetHints":{"allow":["GET"]}}],"collection":[{"href":"https:\/\/www.aacmb.fr\/wordpress\/wp-json\/wp\/v2\/pages"}],"about":[{"href":"https:\/\/www.aacmb.fr\/wordpress\/wp-json\/wp\/v2\/types\/page"}],"author":[{"embeddable":true,"href":"https:\/\/www.aacmb.fr\/wordpress\/wp-json\/wp\/v2\/users\/1"}],"replies":[{"embeddable":true,"href":"https:\/\/www.aacmb.fr\/wordpress\/wp-json\/wp\/v2\/comments?post=3730"}],"version-history":[{"count":0,"href":"https:\/\/www.aacmb.fr\/wordpress\/wp-json\/wp\/v2\/pages\/3730\/revisions"}],"wp:attachment":[{"href":"https:\/\/www.aacmb.fr\/wordpress\/wp-json\/wp\/v2\/media?parent=3730"}],"wp:term":[{"taxonomy":"category","embeddable":true,"href":"https:\/\/www.aacmb.fr\/wordpress\/wp-json\/wp\/v2\/categories?post=3730"},{"taxonomy":"post_tag","embeddable":true,"href":"https:\/\/www.aacmb.fr\/wordpress\/wp-json\/wp\/v2\/tags?post=3730"}],"curies":[{"name":"wp","href":"https:\/\/api.w.org\/{rel}","templated":true}]}}