{"id":3454,"date":"2022-10-01T18:12:57","date_gmt":"2022-10-01T16:12:57","guid":{"rendered":"https:\/\/www.aacmb.fr\/wordpress\/?page_id=3454"},"modified":"2022-10-04T16:08:36","modified_gmt":"2022-10-04T14:08:36","slug":"ciclop-vers-pyclop-configuration","status":"publish","type":"page","link":"https:\/\/www.aacmb.fr\/wordpress\/ciclop-vers-pyclop-configuration\/","title":{"rendered":"Ciclop vers Pyclop &#8211; Configuration"},"content":{"rendered":"<p style=\"text-align: right;\"><a class=\"maxbutton-1 maxbutton maxbutton-boutonretour\" title=\"Retour \u00e0 la page pr\u00e9c\u00e9dente\" href=\"\"><span class='mb-text'>Retour<\/span><\/a><\/p>\n<p>Maintenant que le firmware est en place, il faut passer par une \u00e9tape de configuration, afin d&rsquo;adapter le logiciel \u00e0 votre mat\u00e9riel. Tout le param\u00e9trage est regroup\u00e9 dans un fichier unique qui se trouve sur la carte Micro SD \u00e0 l&#8217;emplacement suivant \/etc\/fabscanpi.<\/p>\n<p>A partir du moment o\u00f9 vous avez bien d\u00e9clar\u00e9 le mode SSH sur le Raspberry, vous pouvez acc\u00e9der \u00e0 ce r\u00e9pertoire et \u00e9diter le fichier de configuration en vous connectant \u00e0 votre carte avec n&rsquo;importe quel client SSH.<\/p>\n<p>Je vous propose d&rsquo;utiliser PUTTY, cliet SSH open source relativement simple d&#8217;emploi, t\u00e9l\u00e9chargeable ici : <a href=\"http:\/\/www.putty.org\">http:\/\/www.putty.org<\/a><\/p>\n<p class=\"western\"><span style=\"color: #404040;\"><span style=\"font-family: Arial, serif;\"><span style=\"font-size: medium;\">Putty ne n\u00e9cessite pas d\u2019installation. Il suffit de d\u00e9poser l\u2019ex\u00e9cutable dans un r\u00e9pertoire de votre disque. Pour \u00e9tablir une connexion, il vous suffira de conna\u00eetre l&rsquo;adresse IP attribu\u00e9e par votre Box pour acc\u00e9der au scanner. Ce sera cette m\u00eame adresse aue vous utiliserez par la suite pour acc\u00e9der \u00e0 l&rsquo;applicatif.<\/span><\/span><\/span><\/p>\n<p>Au lancement de Putty, vous devez arriver sur un \u00e9cran de ce type.<\/p>\n<p><img loading=\"lazy\" decoding=\"async\" class=\"size-full wp-image-3460 aligncenter\" src=\"https:\/\/www.aacmb.fr\/wordpress\/wp-content\/uploads\/2022\/10\/putty_01.png\" alt=\"\" width=\"500\" height=\"480\" srcset=\"https:\/\/www.aacmb.fr\/wordpress\/wp-content\/uploads\/2022\/10\/putty_01.png 500w, https:\/\/www.aacmb.fr\/wordpress\/wp-content\/uploads\/2022\/10\/putty_01-350x336.png 350w, https:\/\/www.aacmb.fr\/wordpress\/wp-content\/uploads\/2022\/10\/putty_01-300x288.png 300w\" sizes=\"auto, (max-width: 500px) 100vw, 500px\" \/><\/p>\n<p class=\"western\"><span style=\"color: #404040;\"><span style=\"font-family: Arial, serif;\"><span style=\"font-size: medium;\">Entrez l\u2019adresse IP de connexion et cliquez sur \u201cOPEN\u201d.<\/span><\/span><\/span><\/p>\n<p><img loading=\"lazy\" decoding=\"async\" class=\"size-full wp-image-3461 aligncenter\" src=\"https:\/\/www.aacmb.fr\/wordpress\/wp-content\/uploads\/2022\/10\/putty_02.png\" alt=\"\" width=\"500\" height=\"314\" srcset=\"https:\/\/www.aacmb.fr\/wordpress\/wp-content\/uploads\/2022\/10\/putty_02.png 500w, https:\/\/www.aacmb.fr\/wordpress\/wp-content\/uploads\/2022\/10\/putty_02-350x220.png 350w, https:\/\/www.aacmb.fr\/wordpress\/wp-content\/uploads\/2022\/10\/putty_02-300x188.png 300w\" sizes=\"auto, (max-width: 500px) 100vw, 500px\" \/><\/p>\n<p class=\"western\"><span style=\"color: #404040;\"><span style=\"font-family: Arial, serif;\"><span style=\"font-size: medium;\">La console est maintenant ouverte et vous devez vous identifier en entrant login et mot de passe. Par d\u00e9faut, le login est \u201c<\/span><\/span><\/span><span style=\"color: #404040;\"><span style=\"font-family: Arial, serif;\"><span style=\"font-size: medium;\"><b>pi<\/b><\/span><\/span><\/span><span style=\"color: #404040;\"><span style=\"font-family: Arial, serif;\"><span style=\"font-size: medium;\">\u201d et le mot de passe est \u201c<\/span><\/span><\/span><span style=\"color: #404040;\"><span style=\"font-family: Arial, serif;\"><span style=\"font-size: medium;\"><b>raspberry<\/b><\/span><\/span><\/span><span style=\"color: #404040;\"><span style=\"font-family: Arial, serif;\"><span style=\"font-size: medium;\">\u201d (ce sont ici les informations indiqu\u00e9es lors de la cr\u00e9ation de l&rsquo;image).<\/span><\/span><\/span><\/p>\n<p>Nous allons maintenant devoir \u00e9diter le fichier de configuration. Nous sommes maintenant dans un monde Linux, avec l&rsquo;utilisation de ses commandes et de ses \u00e9diteurs. Par d\u00e9faut, la distribution embarques des \u00e9diteurs tels que VI ou Nano. Je ne vais pas d\u00e9crire ici leur utilisation. Si vous avez besoin de plus d&rsquo;informations, Google sera votre ami.<\/p>\n<p>Le fichier a \u00e9diter est le fichier <em>default.config.json<\/em> qui se trouve sous <em>\/etc\/fabscanpi\/.<\/em><\/p>\n<p>Ce fichier contient un certain nombre de rubriques. Je vais d\u00e9tailler ci-dessous uniquement celles qu&rsquo;il faudra potentiellement adapter, les autres ne devant pas \u00eatre modifi\u00e9es.<\/p>\n<h4 class=\"western\"><span style=\"color: #404040;\"><span style=\"font-family: Arial, serif;\"><span style=\"font-size: medium;\"><b>Laser<\/b><\/span><\/span><\/span><\/h4>\n<p class=\"western\"><span style=\"font-family: Consolas, serif;\"><span style=\"font-size: small;\"><span style=\"color: #008000;\"><strong>\u00ab\u00a0laser\u00a0\u00bb<\/strong><\/span>:{<br \/>\n<\/span><\/span><span style=\"font-family: Consolas, serif;\"><span style=\"font-size: small;\">\u00a0 \u00a0 <strong><span style=\"color: #008000;\">\u00ab\u00a0numbers\u00a0\u00bb<\/span><\/strong>: 2,<br \/>\n<\/span><\/span><span style=\"font-family: Consolas, serif;\"><span style=\"font-size: small;\">\u00a0 \u00a0 <strong><span style=\"color: #008000;\">\u00ab\u00a0color\u00a0\u00bb<\/span><\/strong>: \u00ab\u00a0G (RGB)\u00a0\u00bb,<br \/>\n<\/span><\/span><span style=\"font-family: Consolas, serif;\"><span style=\"font-size: small;\">\u00a0 \u00a0 <strong><span style=\"color: #008000;\">\u00ab\u00a0interleaved\u00a0\u00bb<\/span><\/strong>: False,<br \/>\n<\/span><\/span><span style=\"font-family: Consolas, serif;\"><span style=\"font-size: small;\">}<\/span><\/span><\/p>\n<p class=\"western\"><span style=\"color: #404040;\"><span style=\"font-family: Arial, serif;\"><span style=\"font-size: medium;\">Cette section d\u00e9crit le param\u00e9trage du\/des laser(s). \u00ab numbers \u00bb d\u00e9fini combien de lasers vous allez utiliser (recommendation de 1 ou 2). \u00abcolor \u00bb d\u00e9fini la couleur des lasers (R pour rouge, G pour vert, B pour bleu). \u00abinterleaved \u00bb sera positionn\u00e9 \u00e0 True pour les scanners sans boitier (ciclop, cowtech, atlas etc.). Gardez \u00e0 l&rsquo;esprit que le traitement entrelac\u00e9 augmentera le temps de scrutation.<\/span><\/span><\/span><\/p>\n<h4 class=\"western\"><span style=\"color: #404040;\"><span style=\"font-family: Arial, serif;\"><span style=\"font-size: medium;\"><b>Plateau tournant<\/b><\/span><\/span><\/span><\/h4>\n<p class=\"western\"><span style=\"font-family: Consolas, serif;\"><span style=\"font-size: small;\"><span style=\"color: #008000;\"><b>\u00ab\u00a0process_numbers\u00a0\u00bb<\/b><\/span>: <span style=\"color: #666666;\">4<\/span>,<br \/>\n<\/span><\/span><span style=\"font-family: Consolas, serif;\"><span style=\"font-size: small;\"><span style=\"color: #008000;\"><b>\u00a0 \u00a0 \u00ab\u00a0turntable\u00a0\u00bb<\/b><\/span>: {<br \/>\n<\/span><\/span><span style=\"font-family: Consolas, serif;\"><span style=\"font-size: small;\"><span style=\"color: #008000;\"><b>\u00a0 \u00a0 \u00ab\u00a0steps\u00a0\u00bb<\/b><\/span>: 32<span style=\"color: #666666;\">00<\/span>,<br \/>\n<\/span><\/span><span style=\"font-family: Consolas, serif;\"><span style=\"font-size: small;\"><span style=\"color: #008000;\"><b>\u00a0 \u00a0 \u00ab\u00a0radius\u00a0\u00bb<\/b><\/span>: 10<span style=\"color: #666666;\">0,<br \/>\n<span style=\"color: #008000;\"><b>\u00a0 \u00a0 \u00ab\u00a0height\u00a0\u00bb<\/b><\/span>: 190<br \/>\n<\/span><\/span><\/span><span style=\"font-family: Consolas, serif;\"><span style=\"font-size: small;\">}<\/span><\/span><\/p>\n<p class=\"western\"><span style=\"color: #404040;\"><span style=\"font-family: Arial, serif;\"><span style=\"font-size: medium;\">Dans cette section, vous pouvez modifier les param\u00e8tres du plateau tournant.<br \/>\n&#8211; radius repr\u00e9sente le rayon du plateau,<br \/>\n&#8211; steps repr\u00e9sente le nombre de pas pour effectuer un tour complet,<br \/>\n&#8211; height repr\u00e9sente la hauteur max de scan au dessus du plateau.<\/span><\/span><\/span><\/p>\n<h4 class=\"western\"><span style=\"color: #404040;\"><span style=\"font-family: Arial, serif;\"><span style=\"font-size: medium;\"><b>Camera<\/b><\/span><\/span><\/span><\/h4>\n<p class=\"western\"><span style=\"font-family: Consolas, serif;\"><span style=\"font-size: small;\"><span style=\"color: #008000;\"><b>\u00ab\u00a0camera\u00a0\u00bb<\/b><\/span>: {<br \/>\n<\/span><\/span><span style=\"font-family: Consolas, serif;\"><span style=\"font-size: small;\"><span style=\"color: #008000;\"><b>\u00a0 \u00a0 \u00ab\u00a0resolution\u00a0\u00bb<\/b><\/span>: {<br \/>\n<\/span><\/span><span style=\"font-family: Consolas, serif;\"><span style=\"font-size: small;\"><span style=\"color: #008000;\"><b>\u00a0 \u00a0 \u00a0 \u00a0 \u00ab\u00a0width\u00a0\u00bb<\/b><\/span>: <span style=\"color: #666666;\">1640<\/span>,<br \/>\n<\/span><\/span><span style=\"font-family: Consolas, serif;\"><span style=\"font-size: small;\"><span style=\"color: #008000;\"><b>\u00a0 \u00a0 \u00a0 \u00a0 \u00ab\u00a0height\u00a0\u00bb<\/b><\/span>: <span style=\"color: #666666;\">1232<br \/>\n<\/span><\/span><\/span><span style=\"font-family: Consolas, serif;\"><span style=\"font-size: small;\">\u00a0 \u00a0 },<br \/>\n<\/span><\/span><span style=\"font-family: Consolas, serif;\"><span style=\"font-size: small;\"><span style=\"color: #008000;\"><b>\u00a0 \u00a0 \u00ab\u00a0preview_resolution\u00a0\u00bb<\/b><\/span>: {<br \/>\n<\/span><\/span><span style=\"font-family: Consolas, serif;\"><span style=\"font-size: small;\"><span style=\"color: #008000;\"><b>\u00a0 \u00a0 \u00a0 \u00a0 \u00ab\u00a0width\u00a0\u00bb<\/b><\/span>: <span style=\"color: #666666;\">240<\/span>,<br \/>\n<\/span><\/span><span style=\"font-family: Consolas, serif;\"><span style=\"font-size: small;\"><span style=\"color: #008000;\"><b>\u00a0 \u00a0 \u00a0 \u00a0 \u00ab\u00a0height\u00a0\u00bb<\/b><\/span>: <span style=\"color: #666666;\">320<br \/>\n<\/span><\/span><\/span><span style=\"font-family: Consolas, serif;\"><span style=\"font-size: small;\">\u00a0 \u00a0 },<br \/>\n<\/span><\/span><span style=\"font-family: Consolas, serif;\"><span style=\"font-size: small;\"><span style=\"color: #008000;\"><b>\u00a0 \u00a0 \u00ab\u00a0rotate\u00a0\u00bb<\/b><\/span>: <span style=\"color: #ba2121;\">\u00ab\u00a0True\u00a0\u00bb<\/span>,<br \/>\n<\/span><\/span><span style=\"font-family: Consolas, serif;\"><span style=\"font-size: small;\"><span style=\"color: #008000;\"><b>\u00a0 \u00a0 \u00ab\u00a0hflip\u00a0\u00bb<\/b><\/span>: <span style=\"color: #ba2121;\">\u00ab\u00a0True\u00a0\u00bb<\/span>,<br \/>\n<\/span><\/span><span style=\"font-family: Consolas, serif;\"><span style=\"font-size: small;\"><span style=\"color: #008000;\"><b>\u00a0 \u00a0 \u00ab\u00a0vflip\u00a0\u00bb<\/b><\/span>: <span style=\"color: #ba2121;\">\u00ab\u00a0False\u00a0\u00bb<\/span>,<br \/>\n<\/span><\/span><span style=\"font-family: Consolas, serif;\"><span style=\"font-size: small;\"><span style=\"color: #008000;\"><b>\u00a0 \u00a0 \u00ab\u00a0type\u00a0\u00bb<\/b><\/span>: <span style=\"color: #ba2121;\">\u00ab\u00a0PICAM\u00a0\u00bb<br \/>\n<\/span><\/span><\/span><span style=\"font-family: Consolas, serif;\"><span style=\"font-size: small;\">}<\/span><\/span><\/p>\n<p class=\"western\"><span style=\"color: #404040;\"><span style=\"font-family: Arial, serif;\"><span style=\"font-size: medium;\">La r\u00e9solution de l&rsquo;aper\u00e7u est la valeur de r\u00e9solution de la fen\u00eatre des param\u00e8tres. La r\u00e9solution est la r\u00e9solution du module python picamera. Vous pouvez consulter la documentation de picamera. Si vous r\u00e9glez ceci sur d&rsquo;autres valeurs, assurez-vous de ce que vous faites, toutes les r\u00e9solutions ne sont pas prises en charge par le picam. Certains peuvent entra\u00eener une capture d&rsquo;image plus lente.<br \/>\n<strong>A partir du moment o\u00f9 vous utilisez bien une cam\u00e9ra PI V2, je vous conseille de garder les param\u00e8tres propos\u00e9s par d\u00e9faut.<\/strong><\/span><\/span><\/span><\/p>\n<p class=\"western\"><em><span style=\"color: #404040;\"><span style=\"font-family: Arial, serif;\"><span style=\"font-size: medium;\">rotata<\/span><\/span><\/span><\/em><span style=\"color: #404040;\"><span style=\"font-family: Arial, serif;\"><span style=\"font-size: medium;\">\u00a0peut \u00eatre utilis\u00e9 pour faire pivoter l&rsquo;image de 90 degr\u00e9s. Les valeurs <em>hflip<\/em> et <em>vflip<\/em> peuvent \u00eatre utilis\u00e9es pour le retournement horizontal et vertical de l&rsquo;image. Le type de cam\u00e9ra par d\u00e9faut est PICAM.\u00a0<\/span><\/span><\/span><\/p>\n<h4 class=\"western\"><span style=\"color: #404040;\"><span style=\"font-family: Arial, serif;\"><span style=\"font-size: medium;\"><b>Connector<\/b><\/span><\/span><\/span><\/h4>\n<p class=\"western\"><span style=\"font-family: Consolas, serif;\"><span style=\"font-size: small;\"><span style=\"color: #008000;\"><b>\u00ab\u00a0connector\u00a0\u00bb<\/b><\/span>: {<br \/>\n<\/span><\/span><span style=\"font-family: Consolas, serif;\"><span style=\"font-size: small;\"><span style=\"color: #008000;\"><b>\u00a0 \u00a0 \u00ab\u00a0type\u00a0\u00bb<\/b><\/span>: <span style=\"color: #ba2121;\">\u00ab\u00a0serial\u00a0\u00bb<\/span>,<br \/>\n<\/span><\/span><span style=\"font-family: Consolas, serif;\"><span style=\"font-size: small;\"><span style=\"color: #008000;\"><b>\u00a0 \u00a0 \u00ab\u00a0firmware\u00a0\u00bb<\/b><\/span>: <span style=\"color: #ba2121;\">\u00ab\u00a0ciclop\u00a0\u00bb<\/span>,<br \/>\n<\/span><\/span><span style=\"font-family: Consolas, serif;\"><span style=\"font-size: small;\"><span style=\"color: #008000;\"><b>\u00a0 \u00a0 \u00ab\u00a0baudrate\u00a0\u00bb<\/b><\/span>: <span style=\"color: #666666;\">14400<\/span>,<br \/>\n<\/span><\/span><span style=\"font-family: Consolas, serif;\"><span style=\"font-size: small;\"><span style=\"color: #008000;\"><b>\u00a0 \u00a0 \u00ab\u00a0autoflash\u00a0\u00bb<\/b><\/span>: <span style=\"color: #ba2121;\">\u00ab\u00a0True\u00a0\u00bb<\/span>,<br \/>\n<\/span><\/span><span style=\"font-family: Consolas, serif;\"><span style=\"font-size: small;\"><span style=\"color: #008000;\"><b>\u00a0 \u00a0 \u00ab\u00a0flash_baudrate\u00a0\u00bb<\/b><\/span>: <span style=\"color: #666666;\">115200<\/span>,<br \/>\n<\/span><\/span><span style=\"font-family: Consolas, serif;\"><span style=\"font-size: small;\"><span style=\"color: #008000;\"><b>\u00a0 \u00a0 \u00ab\u00a0port\u00a0\u00bb<\/b><\/span>: <span style=\"color: #ba2121;\">\u00ab\u00a0\/dev\/ttyAMC0\u00a0\u00bb<br \/>\n<\/span><\/span><\/span><span style=\"font-family: Consolas, serif;\"><span style=\"font-size: small;\">},<\/span><\/span><\/p>\n<p class=\"western\"><span style=\"color: #404040;\"><span style=\"font-family: Arial, serif;\"><span style=\"font-size: medium;\">Cette section est importante car elle permet de d\u00e9finir les param\u00e8tres de communication entre le Raspberry et la carte Arduino.<\/span><\/span><\/span><\/p>\n<p class=\"western\"><span style=\"color: #404040;\"><span style=\"font-family: Arial, serif;\"><span style=\"font-size: medium;\">L&rsquo;option <em>autoflash<\/em> est \u00e0 True par d\u00e9faut, ce qui signifie que le firmware est flash\u00e9 automatiquement \u00e0 chaque lancement. Le param\u00e8tre <\/span><\/span><\/span><span style=\"color: #404040;\"><span style=\"font-family: Arial, serif;\"><span style=\"font-size: medium;\"><em>flash_baudrate d\u00e9fini la vitesse de flashage. <\/em><br \/>\n<\/span><\/span><\/span><span style=\"color: #404040;\"><span style=\"font-family: Arial, serif;\"><span style=\"font-size: medium;\"><em>firmwrare<\/em> est \u00e0 positionner \u00e0\u00a0 ciclop dans mon cas.<br \/>\n<em>baudrate<\/em> sera limit\u00e9 \u00e0 14400 bauds, seule valeur accept\u00e9e dans le cas du ciclop.<\/span><\/span><\/span><\/p>\n<p>La valeur de <em>port<\/em> va d\u00e9pendre de la connexion entre les 2 cartes. Cette valeur va diff\u00e9rer d&rsquo;une carte \u00e0 l&rsquo;autre. La fa\u00e7on la plus simple pour la d\u00e9terminer consiste \u00e0 ex\u00e9cuter la commande suivante 2 fois, une premi\u00e8re fois sans connecter la carte Arduinon, et la seconde carte connect\u00e9e. Le port ajout\u00e9 sera le bon :<\/p>\n<p><strong><em>list \/dev\/tty<\/em><\/strong><\/p>\n<h4 class=\"western\"><span style=\"color: #404040;\"><span style=\"font-family: Georgia, serif;\"><span style=\"font-size: large;\"><b>Calibration<\/b><\/span><\/span><\/span><\/h4>\n<p>Pour la phase de calibration, on va pouvoir r\u00e9utiliser la grille et le support initial fourni avec le ciclop.\u00a0 Il va \u00eatre n\u00e9cessaire de sp\u00e9cifier les caract\u00e9ristiques de cette grille dans les param\u00e8tres.<\/p>\n<p class=\"western\"><span style=\"font-family: Consolas, serif;\"><span style=\"font-size: small;\"><span style=\"color: #008000;\"><b>\u00ab\u00a0scanner_type\u00a0\u00bb<\/b><\/span>: <span style=\"color: #ba2121;\">\u00ab\u00a0laserscanner\u00a0\u00bb<\/span>,<br \/>\n<\/span><\/span><span style=\"font-family: Consolas, serif;\"><span style=\"font-size: small;\"><span style=\"color: #008000;\"><b>\u00ab\u00a0calibration\u00a0\u00bb<\/b><\/span>: {<br \/>\n<\/span><\/span><span style=\"font-family: Consolas, serif;\"><span style=\"font-size: small;\"><span style=\"color: #008000;\"><b>\u00a0 \u00a0 \u00ab\u00a0weight_matrix\u00a0\u00bb<\/b><\/span>: [],<br \/>\n<\/span><\/span><span style=\"font-family: Consolas, serif;\"><span style=\"font-size: small;\"><span style=\"color: #008000;\"><b>\u00a0 \u00a0 \u00ab\u00a0dist_camera_matrix\u00a0\u00bb<\/b><\/span>: [],<br \/>\n<\/span><\/span><span style=\"font-family: Consolas, serif;\"><span style=\"font-size: small;\"><span style=\"color: #008000;\"><b>\u00a0 \u00a0 \u00ab\u00a0pattern\u00a0\u00bb<\/b><\/span>: {<br \/>\n<\/span><\/span><span style=\"font-family: Consolas, serif;\"><span style=\"font-size: small;\"><span style=\"color: #008000;\"><b>\u00a0 \u00a0 \u00a0 \u00a0 \u00ab\u00a0square_size\u00a0\u00bb<\/b><\/span>: <span style=\"color: #666666;\">11<\/span>,<br \/>\n<\/span><\/span><span style=\"font-family: Consolas, serif;\"><span style=\"font-size: small;\"><span style=\"color: #008000;\"><b>\u00a0 \u00a0 \u00a0 \u00a0 \u00ab\u00a0rows\u00a0\u00bb<\/b><\/span>: <span style=\"color: #666666;\">6<\/span>,<br \/>\n<\/span><\/span><span style=\"font-family: Consolas, serif;\"><span style=\"font-size: small;\"><span style=\"color: #008000;\"><b>\u00a0 \u00a0 \u00a0 \u00a0 \u00ab\u00a0columns\u00a0\u00bb<\/b><\/span>: <span style=\"color: #666666;\">8<\/span>,<br \/>\n<\/span><\/span><span style=\"font-family: Consolas, serif;\"><span style=\"font-size: small;\"><span style=\"color: #008000;\"><b>\u00a0 \u00a0 \u00a0 \u00a0 \u00ab\u00a0origin_distance\u00a0\u00bb<\/b><\/span>: <span style=\"color: #666666;\">35<br \/>\n<\/span><\/span><\/span><span style=\"font-family: Consolas, serif;\"><span style=\"font-size: small;\">\u00a0 \u00a0 }<br \/>\n}<br \/>\n<\/span><\/span><\/p>\n<p>square_size <span style=\"color: #404040;\"><span style=\"font-family: Arial, serif;\"><span style=\"font-size: medium;\">repr\u00e9sente la longueur du c\u00f4t\u00e9 d&rsquo;un carr\u00e9 noir en millim\u00e8tres.<\/span><\/span><\/span><\/p>\n<p><img loading=\"lazy\" decoding=\"async\" class=\"size-full wp-image-3465 aligncenter\" src=\"https:\/\/www.aacmb.fr\/wordpress\/wp-content\/uploads\/2022\/10\/calibre_01.png\" alt=\"\" width=\"500\" height=\"471\" srcset=\"https:\/\/www.aacmb.fr\/wordpress\/wp-content\/uploads\/2022\/10\/calibre_01.png 500w, https:\/\/www.aacmb.fr\/wordpress\/wp-content\/uploads\/2022\/10\/calibre_01-350x330.png 350w, https:\/\/www.aacmb.fr\/wordpress\/wp-content\/uploads\/2022\/10\/calibre_01-300x283.png 300w\" sizes=\"auto, (max-width: 500px) 100vw, 500px\" \/><\/p>\n<p class=\"western\"><span style=\"color: #404040;\"><span style=\"font-family: Arial, serif;\"><span style=\"font-size: medium;\"><em>rows<\/em> et <em>columns<\/em> repr\u00e9sentent les points de connexion des carr\u00e9s noirs.<\/span><\/span><\/span><\/p>\n<p><img loading=\"lazy\" decoding=\"async\" class=\"size-full wp-image-3466 aligncenter\" src=\"https:\/\/www.aacmb.fr\/wordpress\/wp-content\/uploads\/2022\/10\/calibre_02.png\" alt=\"\" width=\"500\" height=\"470\" srcset=\"https:\/\/www.aacmb.fr\/wordpress\/wp-content\/uploads\/2022\/10\/calibre_02.png 500w, https:\/\/www.aacmb.fr\/wordpress\/wp-content\/uploads\/2022\/10\/calibre_02-350x329.png 350w, https:\/\/www.aacmb.fr\/wordpress\/wp-content\/uploads\/2022\/10\/calibre_02-300x282.png 300w\" sizes=\"auto, (max-width: 500px) 100vw, 500px\" \/><\/p>\n<p class=\"western\"><span style=\"color: #404040;\"><span style=\"font-family: Arial, serif;\"><span style=\"font-size: medium;\"><em>origin distance<\/em> est la distance entre la surface de la plaque tournante et le bord sup\u00e9rieur des carr\u00e9s noirs dans la rang\u00e9e proche de la plaque tournante.<\/span><\/span><\/span><\/p>\n<p><img loading=\"lazy\" decoding=\"async\" class=\"size-full wp-image-3467 aligncenter\" src=\"https:\/\/www.aacmb.fr\/wordpress\/wp-content\/uploads\/2022\/10\/calibre_03.png\" alt=\"\" width=\"500\" height=\"362\" srcset=\"https:\/\/www.aacmb.fr\/wordpress\/wp-content\/uploads\/2022\/10\/calibre_03.png 500w, https:\/\/www.aacmb.fr\/wordpress\/wp-content\/uploads\/2022\/10\/calibre_03-350x253.png 350w, https:\/\/www.aacmb.fr\/wordpress\/wp-content\/uploads\/2022\/10\/calibre_03-300x217.png 300w\" sizes=\"auto, (max-width: 500px) 100vw, 500px\" \/><\/p>\n<p>Une fois tous les param\u00e8tres (visiblement) corrects, on va pouvoir passer \u00e0 l&rsquo;utilisation du logiciel en lui-m\u00eame.<\/p>\n<p class=\"western\"><a class=\"maxbutton-20 maxbutton maxbutton-suite-4\" href=\"https:\/\/www.aacmb.fr\/wordpress\/ciclop-vers-pyclop-le-logiciel\"><span class='mb-text'>Le logiciel<\/span><\/a><\/p>\n<p>&nbsp;<\/p>\n<p class=\"western\" style=\"text-align: right;\"><a class=\"maxbutton-1 maxbutton maxbutton-boutonretour\" title=\"Retour \u00e0 la page pr\u00e9c\u00e9dente\" href=\"\"><span class='mb-text'>Retour<\/span><\/a><\/p>\n","protected":false},"excerpt":{"rendered":"<p>Maintenant que le firmware est en place, il faut passer par une \u00e9tape de configuration, afin d&rsquo;adapter le logiciel \u00e0 votre mat\u00e9riel. Tout le param\u00e9trage est regroup\u00e9 dans un fichier unique qui se trouve sur la carte Micro SD \u00e0 l&#8217;emplacement suivant \/etc\/fabscanpi. A partir du moment o\u00f9 vous avez bien d\u00e9clar\u00e9 le mode SSH &hellip; <\/p>\n<p class=\"link-more\"><a href=\"https:\/\/www.aacmb.fr\/wordpress\/ciclop-vers-pyclop-configuration\/\" class=\"more-link\">Continuer la lecture<span class=\"screen-reader-text\"> de &laquo;&nbsp;Ciclop vers Pyclop &#8211; Configuration&nbsp;&raquo;<\/span><\/a><\/p>\n","protected":false},"author":1,"featured_media":0,"parent":0,"menu_order":0,"comment_status":"closed","ping_status":"closed","template":"","meta":{"footnotes":""},"categories":[72,64],"tags":[],"class_list":["post-3454","page","type-page","status-publish","hentry","category-ciclop","category-numerisation"],"_links":{"self":[{"href":"https:\/\/www.aacmb.fr\/wordpress\/wp-json\/wp\/v2\/pages\/3454","targetHints":{"allow":["GET"]}}],"collection":[{"href":"https:\/\/www.aacmb.fr\/wordpress\/wp-json\/wp\/v2\/pages"}],"about":[{"href":"https:\/\/www.aacmb.fr\/wordpress\/wp-json\/wp\/v2\/types\/page"}],"author":[{"embeddable":true,"href":"https:\/\/www.aacmb.fr\/wordpress\/wp-json\/wp\/v2\/users\/1"}],"replies":[{"embeddable":true,"href":"https:\/\/www.aacmb.fr\/wordpress\/wp-json\/wp\/v2\/comments?post=3454"}],"version-history":[{"count":0,"href":"https:\/\/www.aacmb.fr\/wordpress\/wp-json\/wp\/v2\/pages\/3454\/revisions"}],"wp:attachment":[{"href":"https:\/\/www.aacmb.fr\/wordpress\/wp-json\/wp\/v2\/media?parent=3454"}],"wp:term":[{"taxonomy":"category","embeddable":true,"href":"https:\/\/www.aacmb.fr\/wordpress\/wp-json\/wp\/v2\/categories?post=3454"},{"taxonomy":"post_tag","embeddable":true,"href":"https:\/\/www.aacmb.fr\/wordpress\/wp-json\/wp\/v2\/tags?post=3454"}],"curies":[{"name":"wp","href":"https:\/\/api.w.org\/{rel}","templated":true}]}}