{"id":3202,"date":"2022-07-11T17:59:44","date_gmt":"2022-07-11T15:59:44","guid":{"rendered":"https:\/\/www.aacmb.fr\/wordpress\/?page_id=3202"},"modified":"2022-07-29T16:29:46","modified_gmt":"2022-07-29T14:29:46","slug":"imprimante-resine-type-dlp","status":"publish","type":"page","link":"https:\/\/www.aacmb.fr\/wordpress\/imprimante-resine-type-dlp\/","title":{"rendered":"Imprimante \u00e0 r\u00e9sine (type DLP)"},"content":{"rendered":"<p>Autre type d&rsquo;imprimante qui commence \u00e0 se d\u00e9mocratiser : les imprimantes \u00e0 r\u00e9sine et photopolym\u00e9risation.<\/p>\n<p>Ici, on ne va plus utiliser de filament mais une r\u00e9sine liquide photosensible, qui aura la propri\u00e9t\u00e9 de durcir lorsqu&rsquo;elle est expos\u00e9e \u00e0 une forte source d&rsquo;UV.<\/p>\n<p>Ce type d&rsquo;imprimante va \u00eatre recommand\u00e9 lorsque l&rsquo;on souhaitera imprimer un objet comportant des d\u00e9tails fins ainsi qu\u2019un aspect lisse en surface. A titre professionnel, les imprimantes 3D r\u00e9sine sont ainsi beaucoup utilis\u00e9e pour la production de moules en joaillerie ou dans l&rsquo;industrie dentaire.<\/p>\n<h2>Comment est-ce que cela fonctionne ?<\/h2>\n<p>On va pouvoir trouver 3 technologies distinctes.<\/p>\n<p><img loading=\"lazy\" decoding=\"async\" class=\"wp-image-3209 size-full aligncenter\" src=\"https:\/\/www.aacmb.fr\/wordpress\/wp-content\/uploads\/2022\/07\/SLA.png\" alt=\"\" width=\"309\" height=\"363\" srcset=\"https:\/\/www.aacmb.fr\/wordpress\/wp-content\/uploads\/2022\/07\/SLA.png 309w, https:\/\/www.aacmb.fr\/wordpress\/wp-content\/uploads\/2022\/07\/SLA-255x300.png 255w\" sizes=\"auto, (max-width: 309px) 100vw, 309px\" \/><\/p>\n<p><span style=\"font-size: 1rem;\">La technologie SLA consiste en un faisceau Laser qui va dessiner &#8211; et donc bruler &#8211; la r\u00e9sine point par point.<\/span><\/p>\n<p>Une fois une couche termin\u00e9e, on passe \u00e0 la couche suivante.<\/p>\n<p><img loading=\"lazy\" decoding=\"async\" class=\"size-full wp-image-3207 aligncenter\" src=\"https:\/\/www.aacmb.fr\/wordpress\/wp-content\/uploads\/2022\/07\/DLP.png\" alt=\"\" width=\"297\" height=\"364\" srcset=\"https:\/\/www.aacmb.fr\/wordpress\/wp-content\/uploads\/2022\/07\/DLP.png 297w, https:\/\/www.aacmb.fr\/wordpress\/wp-content\/uploads\/2022\/07\/DLP-245x300.png 245w\" sizes=\"auto, (max-width: 297px) 100vw, 297px\" \/>La technologie DLP consiste \u00e0 projeter une image depuis un projecteur \u00e9mettant des UV.<\/p>\n<p style=\"text-align: center;\">Chaque couche est \u00ab\u00a0br\u00fbl\u00e9e\u00a0\u00bb en une fois, ce qui accroit consid\u00e9rablement le temps d&rsquo;impression.<br \/>\nLa r\u00e9solution est li\u00e9e au performance du projecteur, ce qui rend ce type de proc\u00e9d\u00e9 encore assez on\u00e9reux.<\/p>\n<p><img loading=\"lazy\" decoding=\"async\" class=\"size-full wp-image-3208 aligncenter\" src=\"https:\/\/www.aacmb.fr\/wordpress\/wp-content\/uploads\/2022\/07\/LCD.png\" alt=\"\" width=\"289\" height=\"360\" srcset=\"https:\/\/www.aacmb.fr\/wordpress\/wp-content\/uploads\/2022\/07\/LCD.png 289w, https:\/\/www.aacmb.fr\/wordpress\/wp-content\/uploads\/2022\/07\/LCD-241x300.png 241w\" sizes=\"auto, (max-width: 289px) 100vw, 289px\" \/>Derni\u00e8re technologie en date : l&rsquo;usage d&rsquo;un LCD qui va agir comme un pochoir.<br \/>\nLa source est alors un simple \u00e9metteur d&rsquo;UV. Seule la surface de r\u00e9sine expos\u00e9e au travers des zones non couvertes par le pochoir est br\u00fbl\u00e9e.<\/p>\n<p>C&rsquo;est cette technologie qui se d\u00e9mocratise maintenant \u00e0 des prix abordables.<\/p>\n<p>La r\u00e9solution en X et Y va directement d\u00e9pendre de la r\u00e9solution de l&rsquo;\u00e9cran LCD servant de pochoir. Plusieurs fabricants proposent maintenant des mod\u00e8les 4K. Dans les mod\u00e8les les plus accessibles, pour lesquels une communaut\u00e9 active existe, vous pourrez vous orienter vers les marques Anycubic et Elegoo.<\/p>\n<p>Pour une \u00ab\u00a0bonne comaraison\u00a0\u00bb, il faudra \u00e0 minima comparer les \u00e9l\u00e9ments ci-dessous :<\/p>\n<ul>\n<li><span style=\"font-size: 1rem;\"><strong>Surface de l&rsquo;\u00e9cran<\/strong> : 17.49 po\u00b2\/112.56 cm\u00b2 :<br \/>\nCette valeur d\u00e9termine la surface maximale (taille en X et Y) de la pi\u00e8ce.<\/span><\/li>\n<li><span style=\"font-size: 1rem;\"><strong>Transmission lumineuse<\/strong> : 7%<br \/>\n<\/span><span style=\"font-size: 1rem;\"><strong>Rapport de contraste<\/strong> : 400:1<br \/>\n<\/span><span style=\"font-size: 1rem;\"><strong>Densit\u00e9 de puissance<\/strong> : 3500-4000 \u03bcw\/cm\u00b2\/23905-27320 lux<br \/>\nCes 3 param\u00e8tres refl\u00e8tent la capacit\u00e9 qu&rsquo;aura l&rsquo;imprimante \u00e0 durcir la r\u00e9sine le plus rapidement, de mani\u00e8re la plus pr\u00e9cise.<\/span><\/li>\n<li><span style=\"font-size: 1rem;\"><strong>Pr\u00e9cision d&rsquo;impression<\/strong> : 3840 x 2400 px (4K)<br \/>\nEn connaissant le nombre de pixels et la dimension de l&rsquo;\u00e9cran, il est facile de calculer la \u00ab\u00a0taille\u00a0\u00bb minimale du point qui sera \u00ab\u00a0brul\u00e9\u00a0\u00bb.<\/span><\/li>\n<li><span style=\"font-size: 1rem;\"><strong>R\u00e9solution horizontale<\/strong> : 35\u00b5m<br \/>\nC&rsquo;est l&rsquo;\u00e9paisseur d&rsquo;une couche (par comparaison avec une imprimante filaire : 0,1 mm)\u00a0<\/span><\/li>\n<li><span style=\"font-size: 1rem;\"><strong>Vitesse d&rsquo;impression<\/strong> : \u2264 5cm\/h\/ 1.97 po\/h<br \/>\nContrairement \u00e0 une imprimante filaire, une couche est r\u00e9alis\u00e9e en une fois. Cela veut dire que si vous imprimer 3 pi\u00e8ces identiques en m\u00eame temps, la dur\u00e9e d&rsquo;impression ne sera pas multipli\u00e9e par 3 (comme pour une imprimante filaire), mais sera identique que le temps d&rsquo;impression d&rsquo;une pi\u00e8ce unique.<\/span><\/li>\n<\/ul>\n<h2>Un pr\u00e9-\u00ab\u00a0post-traitement\u00a0\u00bb obligatoire !<\/h2>\n<p>Vous trouverez sur mon site une rubrique \u00ab\u00a0Post-traitement\u00a0\u00bb qui pr\u00e9sente quelques techniques ayant pour but d&rsquo;am\u00e9liorer vos impressions avant peinture par exemple.<\/p>\n<p>Dans le cas de l&rsquo;utilisation d&rsquo;une imprimante r\u00e9sine, il <strong>va \u00eatre imp\u00e9ratif\u00a0<\/strong> de proc\u00e9der \u00e0 une finalisation de la pi\u00e8ce, \u00e0 savoir :<br \/>\n&#8211; la nettoyer,<br \/>\n&#8211; la stabiliser par un passage aux UV.<\/p>\n<p>C&rsquo;est ici une contrainte majeure de ce type d&rsquo;imprimante : vous allez obtenir une tr\u00e8s belle qualit\u00e9 de finition, mais il faudra effectuer un pr\u00e9-\u00ab\u00a0post-traitement\u00a0\u00bb.<\/p>\n<p>A noter aussi que les r\u00e9sines ne sont pas particuli\u00e8rement \u00ab\u00a0\u00e9cologiques\u00a0\u00bb. Leur manipulation doit se faire avec protection (gants, lunettes), si possible dans un endroit ventil\u00e9 (comme pour l&rsquo;impression filaire avec de l&rsquo;ABS).<\/p>\n<p>Vous pouvez retrouver toutes ces \u00e9tapes dans l&rsquo;article d\u00e9di\u00e9 \u00ab\u00a0<a href=\"https:\/\/www.aacmb.fr\/wordpress\/post-traitement\/\">Post-traitement<\/a>\u00ab\u00a0.<\/p>\n<h2><strong>Mon choix<\/strong><\/h2>\n<p>Profitant d&rsquo;offres flash, mon choix s&rsquo;est orient\u00e9 vers le mod\u00e8le Anycubic Photon 4k.<\/p>\n<figure id=\"attachment_3222\" aria-describedby=\"caption-attachment-3222\" style=\"width: 571px\" class=\"wp-caption aligncenter\"><img loading=\"lazy\" decoding=\"async\" class=\"wp-image-3222 size-full\" src=\"https:\/\/www.aacmb.fr\/wordpress\/wp-content\/uploads\/2022\/07\/anycubic_photon_4k.png\" alt=\"\" width=\"571\" height=\"678\" srcset=\"https:\/\/www.aacmb.fr\/wordpress\/wp-content\/uploads\/2022\/07\/anycubic_photon_4k.png 571w, https:\/\/www.aacmb.fr\/wordpress\/wp-content\/uploads\/2022\/07\/anycubic_photon_4k-350x416.png 350w, https:\/\/www.aacmb.fr\/wordpress\/wp-content\/uploads\/2022\/07\/anycubic_photon_4k-253x300.png 253w\" sizes=\"auto, (max-width: 571px) 100vw, 571px\" \/><figcaption id=\"caption-attachment-3222\" class=\"wp-caption-text\">Anycubic Photon Mono 4K<\/figcaption><\/figure>\n<p>Contrairement \u00e0 l&rsquo;imprimante filaire achet\u00e9e en kit, les imprimante de ce type arrivent quasi-pr\u00eates \u00e0 l&#8217;emploi.<\/p>\n<p>L&rsquo;utilisation est on ne peux plus simple, et parfaitement expliqu\u00e9e dans le guide de d\u00e9marrage :<\/p>\n<ul>\n<li>\u00e9talonnage du z\u00e9ro,<\/li>\n<li>mise en place de la r\u00e9sine,<\/li>\n<li>lancement de l&rsquo;impression.<\/li>\n<\/ul>\n<p>L&rsquo;imprimante est livr\u00e9e avec une cl\u00e9 USB sur laquelle on va retrouver un slicer d\u00e9di\u00e9 (Photon Workshop) ainsi que quelques fichiers exemple.<\/p>\n<p>Il suffit d&rsquo;ins\u00e9rer la cl\u00e9 dans l&rsquo;imprimante, de s\u00e9lectionner le fichier \u00e0 imprimer (un visuel est affich\u00e9 sur l&rsquo;\u00e9cran), et de lancer l&rsquo;impression.<br \/>\nAfin de garantir une bonne adh\u00e9rence de la pi\u00e8ce sur le plateau, le temps d&rsquo;exposition des premi\u00e8res couches est de l&rsquo;ordre de 40 secondes.<br \/>\nEnsuite, l&rsquo;impression s&rsquo;ex\u00e9cute au rythme de 2 s par couches.<\/p>\n<p>Le premier r\u00e9sultat est bluffant, lorsque l&rsquo;on est habitu\u00e9 \u00e0 l&rsquo;impression \u00e0 base de filament.<\/p>\n<p><img loading=\"lazy\" decoding=\"async\" class=\"size-full wp-image-3251 aligncenter\" src=\"https:\/\/www.aacmb.fr\/wordpress\/wp-content\/uploads\/2022\/07\/cube_anycubic-e1659096669109.jpg\" alt=\"\" width=\"279\" height=\"350\" \/><\/p>\n<p>Pr\u00e9cision, finesse, rien \u00e0 dire !<br \/>\nBien \u00e9videmment, il faut passer \u00e0 l&rsquo;\u00e9tape \u00ab\u00a0lavage \u00e0 l&rsquo;alcool\u00a0\u00bb et \u00ab\u00a0polym\u00e9risation\u00a0\u00bb.<\/p>\n<p>Comme je le disais en d\u00e9but de cette pr\u00e9sentation, j&rsquo;ai pu b\u00e9n\u00e9ficier d&rsquo;une offre flash, me permettant d&rsquo;acheter le lot \u00ab\u00a0Imprimante\u00a0\u00bb + \u00ab\u00a0Wash &amp; Cure machine\u00a0\u00bb. Une solution cl\u00e9 en main qui permet de manipuler \u00e0 minima les pi\u00e8ces en r\u00e9sine brute.<\/p>\n<p><img loading=\"lazy\" decoding=\"async\" class=\"size-full wp-image-3253 aligncenter\" src=\"https:\/\/www.aacmb.fr\/wordpress\/wp-content\/uploads\/2022\/07\/anycubic_washandcure-e1659097031449.png\" alt=\"\" width=\"300\" height=\"411\" \/><\/p>\n<p>&nbsp;<\/p>\n<h2><strong>Installation<\/strong><\/h2>\n<p>Maintenant que j&rsquo;ai pass\u00e9 la phase d&rsquo;essai, je vais installer au mieux ce mat\u00e9riel (\u00e7a commence \u00e0 \u00eatre un peu serr\u00e9 chez moi avec les 2 solutions d&rsquo;impression, la graveuse CNC et la graveuse Laser).<\/p>\n<p>Les contraintes \u00e0 prendre en compte &#8211; pour ne pas \u00eatre emb\u00eat\u00e9 plus tard &#8211; sont \u00e0 mon sens au nombre de 3 :<\/p>\n<ul>\n<li>ces 2 \u00e9quipements utilisant des produits chimiques (r\u00e9sine et alcool iso), il faut leur trouver un coin \u00ab\u00a0tranquille\u00a0\u00bb et stable,<\/li>\n<li>il faudra trouver un endroit relativement a\u00e9r\u00e9, la r\u00e9sine brul\u00e9e d\u00e9gageant quelques odeurs (nocives \u00e0 haute dose sans aucun doute),<\/li>\n<li>les 2 machines (imprimante et wash&amp;cure) devront \u00eatre proches afin d&rsquo;\u00e9viter trop de trajet de manipulations entre elles.<\/li>\n<\/ul>\n<p>Pour r\u00e9pondre \u00e0 ces 3 imp\u00e9ratifs, je vais faire un peu de rangement, et d\u00e9gager une \u00e9tag\u00e8re, qui une fois adapt\u00e9e en hauteur, sera parfaite. Des portes en plexi devant pour prot\u00e9ger finiront de donner un bel aspect.<\/p>\n<p><img loading=\"lazy\" decoding=\"async\" class=\"size-full wp-image-3256 aligncenter\" src=\"https:\/\/www.aacmb.fr\/wordpress\/wp-content\/uploads\/2022\/07\/install_any-e1659098300914.jpg\" alt=\"\" width=\"500\" height=\"359\" srcset=\"https:\/\/www.aacmb.fr\/wordpress\/wp-content\/uploads\/2022\/07\/install_any-e1659098300914.jpg 500w, https:\/\/www.aacmb.fr\/wordpress\/wp-content\/uploads\/2022\/07\/install_any-e1659098300914-350x251.jpg 350w\" sizes=\"auto, (max-width: 500px) 100vw, 500px\" \/><\/p>\n<p>Pour faciliter les manipulations, je positionne les 2 machines sur glissi\u00e8res, avec l&rsquo;ajout de pieds r\u00e9glables pour garantir un bon nivellement.<\/p>\n<p><img loading=\"lazy\" decoding=\"async\" class=\"size-full wp-image-3257 aligncenter\" src=\"https:\/\/www.aacmb.fr\/wordpress\/wp-content\/uploads\/2022\/07\/glissiere_any-e1659098532530.jpg\" alt=\"\" width=\"500\" height=\"456\" srcset=\"https:\/\/www.aacmb.fr\/wordpress\/wp-content\/uploads\/2022\/07\/glissiere_any-e1659098532530.jpg 500w, https:\/\/www.aacmb.fr\/wordpress\/wp-content\/uploads\/2022\/07\/glissiere_any-e1659098532530-350x319.jpg 350w\" sizes=\"auto, (max-width: 500px) 100vw, 500px\" \/><\/p>\n<p>Et derni\u00e8re \u00e9volution : ajout d&rsquo;une extraction d&rsquo;air qui viendra se connecter \u00e0 l&rsquo;extracteur de ma graveuse Laser.<\/p>\n<p><img loading=\"lazy\" decoding=\"async\" class=\"size-full wp-image-3258 aligncenter\" src=\"https:\/\/www.aacmb.fr\/wordpress\/wp-content\/uploads\/2022\/07\/ventil_any-e1659098640135.jpg\" alt=\"\" width=\"300\" height=\"188\" \/><\/p>\n<p>Tout est maintenant op\u00e9rationnel. Il ne reste plus qu&rsquo;\u00e0 produire mes propres fichiers \u00e0 imprimer.<\/p>\n<h2><strong>G\u00e9n\u00e9ration des fichiers\u00a0<\/strong><\/h2>\n<p>Comme pour une imprimante \u00e0 filament, il faut utiliser un \u00ab\u00a0<strong><a href=\"https:\/\/www.aacmb.fr\/wordpress\/les-slicers\/\">slicer<\/a><\/strong>\u00ab\u00a0, dont le r\u00f4le est de d\u00e9couper le fichier .stl en fines tranches imprimables. Ce slicer pourra aussi mettre en place les supports n\u00e9cessaires \u00e0 certaines impressions difficiles.<\/p>\n<p>Dans le cas des imprimantes r\u00e9sine, la pi\u00e8ce va \u00eatre imprim\u00e9e t\u00eate en bas (c&rsquo;est le plateau qui monte au-dessus du bac de r\u00e9sine). Il faut donc utiliser un slicer d\u00e9di\u00e9 \u00e0 ce type d&rsquo;imprimante.<\/p>\n<p>Comme je l&rsquo;ai indiqu\u00e9 plus t\u00f4t dans cette page, l&rsquo;imprimante est livr\u00e9e avec un slicer propri\u00e9taire, qui a l&rsquo;avantage d&rsquo;\u00eatre pr\u00e9-configur\u00e9 pour ce mod\u00e8le.<\/p>\n<p>A noter que la version fournie de Photon Workshop est la version V2.1.29 RC9, premi\u00e8re version \u00e0 supporter la Photon 4K, et que cette version ne semble pas (encore) disponible sur le site du fabriquant (qui ne propose que la V2.1.21 \u00e0 l&rsquo;heure o\u00f9 j&rsquo;\u00e9cris cette page. Bien penser \u00e0 stocker qq part le contenu de la cl\u00e9 USB avant de risquer de perdre le source \ud83d\ude42<\/p>\n<p>Vous trouverez bient\u00f4t une pr\u00e9sentation de ce slicer sur une page d\u00e9di\u00e9e.<\/p>\n<p>A notre aussi que l&rsquo;autre grand nom des <strong><a href=\"https:\/\/www.aacmb.fr\/wordpress\/les-slicers\/\">slicers<\/a> <\/strong>pour ce type d&rsquo;imprimante (Chitubox) vient\u00a0 lui aussi d&rsquo;int\u00e9grer la Photon 4K dans la liste des imprimantes connues, et ce d\u00e8s la version gratuite.<\/p>\n<p>Ce sera l&rsquo;occasion pour moi de tester aussi ce produit, et de faire un comparatif avec le slicer propri\u00e9taire de Anycubic.<\/p>\n","protected":false},"excerpt":{"rendered":"<p>Autre type d&rsquo;imprimante qui commence \u00e0 se d\u00e9mocratiser : les imprimantes \u00e0 r\u00e9sine et photopolym\u00e9risation. Ici, on ne va plus utiliser de filament mais une r\u00e9sine liquide photosensible, qui aura la propri\u00e9t\u00e9 de durcir lorsqu&rsquo;elle est expos\u00e9e \u00e0 une forte source d&rsquo;UV. Ce type d&rsquo;imprimante va \u00eatre recommand\u00e9 lorsque l&rsquo;on souhaitera imprimer un objet comportant &hellip; <\/p>\n<p class=\"link-more\"><a href=\"https:\/\/www.aacmb.fr\/wordpress\/imprimante-resine-type-dlp\/\" class=\"more-link\">Continuer la lecture<span class=\"screen-reader-text\"> de &laquo;&nbsp;Imprimante \u00e0 r\u00e9sine (type DLP)&nbsp;&raquo;<\/span><\/a><\/p>\n","protected":false},"author":1,"featured_media":0,"parent":0,"menu_order":0,"comment_status":"closed","ping_status":"closed","template":"","meta":{"footnotes":""},"categories":[22],"tags":[],"class_list":["post-3202","page","type-page","status-publish","hentry","category-impression3d"],"_links":{"self":[{"href":"https:\/\/www.aacmb.fr\/wordpress\/wp-json\/wp\/v2\/pages\/3202","targetHints":{"allow":["GET"]}}],"collection":[{"href":"https:\/\/www.aacmb.fr\/wordpress\/wp-json\/wp\/v2\/pages"}],"about":[{"href":"https:\/\/www.aacmb.fr\/wordpress\/wp-json\/wp\/v2\/types\/page"}],"author":[{"embeddable":true,"href":"https:\/\/www.aacmb.fr\/wordpress\/wp-json\/wp\/v2\/users\/1"}],"replies":[{"embeddable":true,"href":"https:\/\/www.aacmb.fr\/wordpress\/wp-json\/wp\/v2\/comments?post=3202"}],"version-history":[{"count":0,"href":"https:\/\/www.aacmb.fr\/wordpress\/wp-json\/wp\/v2\/pages\/3202\/revisions"}],"wp:attachment":[{"href":"https:\/\/www.aacmb.fr\/wordpress\/wp-json\/wp\/v2\/media?parent=3202"}],"wp:term":[{"taxonomy":"category","embeddable":true,"href":"https:\/\/www.aacmb.fr\/wordpress\/wp-json\/wp\/v2\/categories?post=3202"},{"taxonomy":"post_tag","embeddable":true,"href":"https:\/\/www.aacmb.fr\/wordpress\/wp-json\/wp\/v2\/tags?post=3202"}],"curies":[{"name":"wp","href":"https:\/\/api.w.org\/{rel}","templated":true}]}}