{"id":2143,"date":"2021-05-12T11:12:30","date_gmt":"2021-05-12T09:12:30","guid":{"rendered":"https:\/\/www.aacmb.fr\/wordpress\/?page_id=2143"},"modified":"2022-10-10T11:15:07","modified_gmt":"2022-10-10T09:15:07","slug":"tuto-freecad","status":"publish","type":"page","link":"https:\/\/www.aacmb.fr\/wordpress\/tuto-freecad\/","title":{"rendered":"Tuto FreeCAD"},"content":{"rendered":"<p style=\"text-align: right;\"><a class=\"maxbutton-1 maxbutton maxbutton-boutonretour\" title=\"Retour \u00e0 la page pr\u00e9c\u00e9dente\" href=\"\"><span class='mb-text'>Retour<\/span><\/a><\/p>\n<p>Ci-dessous, la liste des tuto FreeCAD :<\/p>\n<ul class=\"lcp_catlist\" id=\"lcp_instance_0\"><li><a href=\"https:\/\/www.aacmb.fr\/wordpress\/2025\/11\/27\/freecad-les-repetitions\/\">FreeCAD : Les r\u00e9p\u00e9titions<\/a>  (11\/2025)<\/li><li><a href=\"https:\/\/www.aacmb.fr\/wordpress\/2025\/10\/07\/reussir-un-assemblage-avec-freecad\/\">R\u00e9ussir un assemblage avec FreeCAD<\/a>  (10\/2025)<\/li><li><a href=\"https:\/\/www.aacmb.fr\/wordpress\/2025\/04\/04\/freecad-boites-parametriques\/\">FreeCAD : Boites param\u00e9triques<\/a>  (04\/2025)<\/li><li><a href=\"https:\/\/www.aacmb.fr\/wordpress\/2025\/01\/27\/freecad-utiliser-un-fichier-svg-pour-realiser-une-piece\/\">FreeCad : Utiliser un fichier SVG pour r\u00e9aliser une pi\u00e8ce<\/a>  (01\/2025)<\/li><li><a href=\"https:\/\/www.aacmb.fr\/wordpress\/2024\/10\/15\/freecad-vs-fusion-360\/\">FreeCAD vs Fusion 360<\/a>  (10\/2024)<\/li><li><a href=\"https:\/\/www.aacmb.fr\/wordpress\/2024\/09\/22\/freecad-et-lelectronique\/\">FreeCAD et l&rsquo;\u00e9lectronique<\/a>  (09\/2024)<\/li><li><a href=\"https:\/\/www.aacmb.fr\/wordpress\/2024\/09\/19\/freecad-concevoir-des-pieces-resistantes\/\">FreeCAD : Concevoir des pi\u00e8ces r\u00e9sistantes<\/a>  (09\/2024)<\/li><li><a href=\"https:\/\/www.aacmb.fr\/wordpress\/2024\/07\/26\/freecad-bracelet-tresse\/\">FreeCAD : Bracelet tress\u00e9 ?<\/a>  (07\/2024)<\/li><li><a href=\"https:\/\/www.aacmb.fr\/wordpress\/2024\/07\/19\/freecad-un-modeleur-parametrique\/\">FreeCAD : Un modeleur param\u00e9trique<\/a>  (07\/2024)<\/li><li><a href=\"https:\/\/www.aacmb.fr\/wordpress\/2024\/06\/20\/freecad-prototypage-rapide\/\">FreeCAD : Prototypage rapide<\/a>  (06\/2024)<\/li><li><a href=\"https:\/\/www.aacmb.fr\/wordpress\/2024\/06\/18\/freecad-latelier-a2plus\/\">FreeCAD : l&rsquo;atelier A2Plus<\/a>  (06\/2024)<\/li><li><a href=\"https:\/\/www.aacmb.fr\/wordpress\/2024\/06\/13\/freecad-latelier-techdraw\/\">FreeCAD : l&rsquo;atelier TechDraw<\/a>  (06\/2024)<\/li><li><a href=\"https:\/\/www.aacmb.fr\/wordpress\/2024\/05\/10\/freecad-et-voronoi\/\">FreeCAD et Vorono\u00ef ?<\/a>  (05\/2024)<\/li><li><a href=\"https:\/\/www.aacmb.fr\/wordpress\/2023\/12\/01\/ne-jeter-plus-vos-objets-casses\/\">Ne jeter plus vos objets cass\u00e9s<\/a>  (12\/2023)<\/li><li><a href=\"https:\/\/www.aacmb.fr\/wordpress\/2021\/05\/12\/logo-sur-une-surface\/\">Logo sur une surface<\/a>  (05\/2021)<\/li><li><a href=\"https:\/\/www.aacmb.fr\/wordpress\/2021\/01\/18\/2057\/\">FreeCAD et le SVG<\/a>  (01\/2021)<\/li><li><a href=\"https:\/\/www.aacmb.fr\/wordpress\/2020\/04\/28\/ajouter-du-texte-sur-une-surface\/\">Ajouter du texte sur une surface (FreeCAD 0.9)<\/a>  (04\/2020)<\/li><li><a href=\"https:\/\/www.aacmb.fr\/wordpress\/2018\/12\/13\/freecad-assemblage\/\">FreeCad &#8211; Assemblage V2<\/a>  (12\/2018)<\/li><\/ul>\n","protected":false},"excerpt":{"rendered":"<p>Ci-dessous, la liste des tuto FreeCAD :<\/p>\n","protected":false},"author":1,"featured_media":0,"parent":0,"menu_order":0,"comment_status":"closed","ping_status":"closed","template":"","meta":{"footnotes":""},"categories":[70],"tags":[],"class_list":["post-2143","page","type-page","status-publish","hentry","category-tuto"],"_links":{"self":[{"href":"https:\/\/www.aacmb.fr\/wordpress\/wp-json\/wp\/v2\/pages\/2143","targetHints":{"allow":["GET"]}}],"collection":[{"href":"https:\/\/www.aacmb.fr\/wordpress\/wp-json\/wp\/v2\/pages"}],"about":[{"href":"https:\/\/www.aacmb.fr\/wordpress\/wp-json\/wp\/v2\/types\/page"}],"author":[{"embeddable":true,"href":"https:\/\/www.aacmb.fr\/wordpress\/wp-json\/wp\/v2\/users\/1"}],"replies":[{"embeddable":true,"href":"https:\/\/www.aacmb.fr\/wordpress\/wp-json\/wp\/v2\/comments?post=2143"}],"version-history":[{"count":0,"href":"https:\/\/www.aacmb.fr\/wordpress\/wp-json\/wp\/v2\/pages\/2143\/revisions"}],"wp:attachment":[{"href":"https:\/\/www.aacmb.fr\/wordpress\/wp-json\/wp\/v2\/media?parent=2143"}],"wp:term":[{"taxonomy":"category","embeddable":true,"href":"https:\/\/www.aacmb.fr\/wordpress\/wp-json\/wp\/v2\/categories?post=2143"},{"taxonomy":"post_tag","embeddable":true,"href":"https:\/\/www.aacmb.fr\/wordpress\/wp-json\/wp\/v2\/tags?post=2143"}],"curies":[{"name":"wp","href":"https:\/\/api.w.org\/{rel}","templated":true}]}}