{"id":1038,"date":"2019-01-28T12:02:43","date_gmt":"2019-01-28T11:02:43","guid":{"rendered":"https:\/\/www.aacmb.fr\/wordpress\/?page_id=1038"},"modified":"2022-08-23T14:28:02","modified_gmt":"2022-08-23T12:28:02","slug":"projet-plateau-tournant","status":"publish","type":"page","link":"https:\/\/www.aacmb.fr\/wordpress\/projet-plateau-tournant\/","title":{"rendered":"Projet &#8211; Plateau tournant"},"content":{"rendered":"<p>J&rsquo;ai r\u00e9alis\u00e9 il y a d\u00e9j\u00e0 pas mal de temps un plateau tournant tout simple adapt\u00e9 \u00e0 ma boite \u00e0 lumi\u00e8re.<\/p>\n<p><img loading=\"lazy\" decoding=\"async\" class=\"alignnone size-full wp-image-435 aligncenter\" src=\"https:\/\/www.aacmb.fr\/wordpress\/wp-content\/uploads\/2018\/09\/20180920_191834.jpg\" alt=\"\" width=\"227\" height=\"303\" srcset=\"https:\/\/www.aacmb.fr\/wordpress\/wp-content\/uploads\/2018\/09\/20180920_191834.jpg 227w, https:\/\/www.aacmb.fr\/wordpress\/wp-content\/uploads\/2018\/09\/20180920_191834-225x300.jpg 225w\" sizes=\"auto, (max-width: 227px) 100vw, 227px\" \/><\/p>\n<p>L&rsquo;objectif \u00e9tait d&rsquo;avoir un position stable du plateau tous les 10 degr\u00e9s afin de prendre des photos r\u00e9guli\u00e8rement espac\u00e9es.<\/p>\n<p>J&rsquo;ai depuis exp\u00e9riment\u00e9 une autre technique : filmer l&rsquo;objet en rotation, et extraire les images \u00e0 une cadence d\u00e9finie. Cela revient au m\u00eame, mais en beaucoup plus facile \u00e0 r\u00e9aliser.<\/p>\n<p>J&rsquo;ai donc d\u00e9cid\u00e9 de modifier mon plateau afin d&rsquo;y incorporer une motorisation.<\/p>\n<p>Commen\u00e7ons pas trouver un moteur :<\/p>\n<p><img loading=\"lazy\" decoding=\"async\" class=\"size-full wp-image-1043 aligncenter\" src=\"https:\/\/www.aacmb.fr\/wordpress\/wp-content\/uploads\/2019\/01\/plateau_01.jpg\" alt=\"\" width=\"440\" height=\"449\" srcset=\"https:\/\/www.aacmb.fr\/wordpress\/wp-content\/uploads\/2019\/01\/plateau_01.jpg 440w, https:\/\/www.aacmb.fr\/wordpress\/wp-content\/uploads\/2019\/01\/plateau_01-350x357.jpg 350w, https:\/\/www.aacmb.fr\/wordpress\/wp-content\/uploads\/2019\/01\/plateau_01-294x300.jpg 294w\" sizes=\"auto, (max-width: 440px) 100vw, 440px\" \/><\/p>\n<p>J&rsquo;ai choisi <a href=\"https:\/\/www.amazon.fr\/gp\/product\/B07FBCD1BD\/ref=ppx_yo_dt_b_asin_title_o03__o00_s00?ie=UTF8&amp;psc=1\">ce petit mod\u00e8le<\/a>, trouv\u00e9 sur Amazon pour quelques euros. Le principal avantage (en dehors du prix) est qu&rsquo;il s&rsquo;agit d&rsquo;un moto-r\u00e9ducteur. On peut donc obtenir des vitesses de rotation lente, tout en ayant un couple important. J&rsquo;ach\u00e8te le mod\u00e8le tournant \u00e0 5 RPM.<\/p>\n<p>FreeCad permet la r\u00e9alisation d&rsquo;engrenages. Une couronne de 50 dents, une roue dent\u00e9e de 10 dents.<\/p>\n<p><img loading=\"lazy\" decoding=\"async\" class=\"alignnone size-full wp-image-1046 aligncenter\" src=\"https:\/\/www.aacmb.fr\/wordpress\/wp-content\/uploads\/2019\/01\/plateau_02.jpg\" alt=\"\" width=\"500\" height=\"483\" srcset=\"https:\/\/www.aacmb.fr\/wordpress\/wp-content\/uploads\/2019\/01\/plateau_02.jpg 500w, https:\/\/www.aacmb.fr\/wordpress\/wp-content\/uploads\/2019\/01\/plateau_02-350x338.jpg 350w, https:\/\/www.aacmb.fr\/wordpress\/wp-content\/uploads\/2019\/01\/plateau_02-300x290.jpg 300w\" sizes=\"auto, (max-width: 500px) 100vw, 500px\" \/><\/p>\n<p>Il faudra donc 5 tours de roue dent\u00e9e pour avoir 1 tour de couronne. J&rsquo;ai donc une solution \u00e0 1 tr\/mn .<\/p>\n<p>L&rsquo;assemblage final devrait ressembler \u00e0 cela :<\/p>\n<p><img loading=\"lazy\" decoding=\"async\" class=\"alignnone size-full wp-image-1048 aligncenter\" src=\"https:\/\/www.aacmb.fr\/wordpress\/wp-content\/uploads\/2019\/01\/plateau_assemblage.jpg\" alt=\"\" width=\"500\" height=\"340\" srcset=\"https:\/\/www.aacmb.fr\/wordpress\/wp-content\/uploads\/2019\/01\/plateau_assemblage.jpg 500w, https:\/\/www.aacmb.fr\/wordpress\/wp-content\/uploads\/2019\/01\/plateau_assemblage-350x238.jpg 350w, https:\/\/www.aacmb.fr\/wordpress\/wp-content\/uploads\/2019\/01\/plateau_assemblage-300x204.jpg 300w\" sizes=\"auto, (max-width: 500px) 100vw, 500px\" \/><\/p>\n<p>En bleu : le plateau tournant<br \/>\nEn rose : le syst\u00e8me d&rsquo;entrainement<br \/>\nEn vert : 3 supports permettant de supporter le plateau en cas de charge.<\/p>\n<p>L&rsquo;assemblage apr\u00e8s impression se passe sans probl\u00e8me.<\/p>\n<p><img loading=\"lazy\" decoding=\"async\" class=\"size-full wp-image-1050 aligncenter\" src=\"https:\/\/www.aacmb.fr\/wordpress\/wp-content\/uploads\/2019\/01\/plateau_03.jpg\" alt=\"\" width=\"500\" height=\"375\" srcset=\"https:\/\/www.aacmb.fr\/wordpress\/wp-content\/uploads\/2019\/01\/plateau_03.jpg 500w, https:\/\/www.aacmb.fr\/wordpress\/wp-content\/uploads\/2019\/01\/plateau_03-350x263.jpg 350w, https:\/\/www.aacmb.fr\/wordpress\/wp-content\/uploads\/2019\/01\/plateau_03-300x225.jpg 300w\" sizes=\"auto, (max-width: 500px) 100vw, 500px\" \/><\/p>\n<p>L&rsquo;ensemble reste compact.<\/p>\n<p><img loading=\"lazy\" decoding=\"async\" class=\"alignnone size-full wp-image-1051 aligncenter\" src=\"https:\/\/www.aacmb.fr\/wordpress\/wp-content\/uploads\/2019\/01\/plateau_04.jpg\" alt=\"\" width=\"500\" height=\"395\" srcset=\"https:\/\/www.aacmb.fr\/wordpress\/wp-content\/uploads\/2019\/01\/plateau_04.jpg 500w, https:\/\/www.aacmb.fr\/wordpress\/wp-content\/uploads\/2019\/01\/plateau_04-350x277.jpg 350w, https:\/\/www.aacmb.fr\/wordpress\/wp-content\/uploads\/2019\/01\/plateau_04-300x237.jpg 300w\" sizes=\"auto, (max-width: 500px) 100vw, 500px\" \/><\/p>\n<p style=\"text-align: right;\"><a class=\"maxbutton-1 maxbutton maxbutton-boutonretour\" title=\"Retour \u00e0 la page pr\u00e9c\u00e9dente\" href=\"\"><span class='mb-text'>Retour<\/span><\/a><\/p>\n","protected":false},"excerpt":{"rendered":"<p>J&rsquo;ai r\u00e9alis\u00e9 il y a d\u00e9j\u00e0 pas mal de temps un plateau tournant tout simple adapt\u00e9 \u00e0 ma boite \u00e0 lumi\u00e8re. L&rsquo;objectif \u00e9tait d&rsquo;avoir un position stable du plateau tous les 10 degr\u00e9s afin de prendre des photos r\u00e9guli\u00e8rement espac\u00e9es. J&rsquo;ai depuis exp\u00e9riment\u00e9 une autre technique : filmer l&rsquo;objet en rotation, et extraire les images &hellip; <\/p>\n<p class=\"link-more\"><a href=\"https:\/\/www.aacmb.fr\/wordpress\/projet-plateau-tournant\/\" class=\"more-link\">Continuer la lecture<span class=\"screen-reader-text\"> de &laquo;&nbsp;Projet &#8211; Plateau tournant&nbsp;&raquo;<\/span><\/a><\/p>\n","protected":false},"author":1,"featured_media":0,"parent":0,"menu_order":0,"comment_status":"closed","ping_status":"closed","template":"","meta":{"footnotes":""},"categories":[64],"tags":[],"class_list":["post-1038","page","type-page","status-publish","hentry","category-numerisation"],"_links":{"self":[{"href":"https:\/\/www.aacmb.fr\/wordpress\/wp-json\/wp\/v2\/pages\/1038","targetHints":{"allow":["GET"]}}],"collection":[{"href":"https:\/\/www.aacmb.fr\/wordpress\/wp-json\/wp\/v2\/pages"}],"about":[{"href":"https:\/\/www.aacmb.fr\/wordpress\/wp-json\/wp\/v2\/types\/page"}],"author":[{"embeddable":true,"href":"https:\/\/www.aacmb.fr\/wordpress\/wp-json\/wp\/v2\/users\/1"}],"replies":[{"embeddable":true,"href":"https:\/\/www.aacmb.fr\/wordpress\/wp-json\/wp\/v2\/comments?post=1038"}],"version-history":[{"count":0,"href":"https:\/\/www.aacmb.fr\/wordpress\/wp-json\/wp\/v2\/pages\/1038\/revisions"}],"wp:attachment":[{"href":"https:\/\/www.aacmb.fr\/wordpress\/wp-json\/wp\/v2\/media?parent=1038"}],"wp:term":[{"taxonomy":"category","embeddable":true,"href":"https:\/\/www.aacmb.fr\/wordpress\/wp-json\/wp\/v2\/categories?post=1038"},{"taxonomy":"post_tag","embeddable":true,"href":"https:\/\/www.aacmb.fr\/wordpress\/wp-json\/wp\/v2\/tags?post=1038"}],"curies":[{"name":"wp","href":"https:\/\/api.w.org\/{rel}","templated":true}]}}