{"id":1011,"date":"2019-01-14T15:34:03","date_gmt":"2019-01-14T14:34:03","guid":{"rendered":"https:\/\/www.aacmb.fr\/wordpress\/?page_id=1011"},"modified":"2022-07-07T19:53:14","modified_gmt":"2022-07-07T17:53:14","slug":"le-caisson-v3","status":"publish","type":"page","link":"https:\/\/www.aacmb.fr\/wordpress\/le-caisson-v3\/","title":{"rendered":"Le caisson &#8211; V3"},"content":{"rendered":"<p>Mon imprimante se trouve dans un petit atelier. L&rsquo;\u00e9t\u00e9, il fait chaud, L&rsquo;hiver il fait froid.<\/p>\n<p>Le syst\u00e8me de ventilation que j&rsquo;ai mis en place d\u00e8s le d\u00e9part, permet de r\u00e9guler correctement la mont\u00e9e en temp\u00e9rature. Mais l&rsquo;hiver, j&rsquo;ai d\u00e9j\u00e0 \u00e9t\u00e9 amen\u00e9 \u00e0 imprimer par des temp\u00e9ratures de 7\u00b0C. Pas top du tout.<\/p>\n<p>Mon prochain objectif est maintenant de \u00ab\u00a0tenter\u00a0\u00bb de chauffer mon caisson, de fa\u00e7on a avoir des conditions plus correctes pendant les impressions.<\/p>\n<h4>Petit rappel<\/h4>\n<p>Je ne suis pas du tout comp\u00e9tant en thermodynamique.<\/p>\n<p>Apr\u00e8s quelques recherches, je pense qu&rsquo;il faut juste retenir que la puissance n\u00e9cessaire pour chauffer un volume est fonction :<\/p>\n<p>a) du volume ,<br>b) de l&rsquo;\u00e9cart entre la temp\u00e9rature ext\u00e9rieure et la temp\u00e9rature cible,<br>c) d&rsquo;un coefficient K, facteur d&rsquo;isolation !<\/p>\n<p>Si j&rsquo;applique \u00e0 mon besoin :<\/p>\n<p>a) le volume de mon caisson est de 0.162 m3,<br>b) je vise 20\u00b0 dedans pour 3 degr\u00e9s dehors, donc un \u00e9cart de 17\u00b0,<br>c) aucune isolation r\u00e9elle (juste 5mm de plexi). Posons K=5<\/p>\n<p><strong>Ce qui donne un besoin de 11 kcal\/h&nbsp; soit 12,8 Watts.<\/strong><\/p>\n<p>Il me reste donc maintenant \u00e0 exp\u00e9rimenter mais j&rsquo;ai des doutes que cela soit aussi simple &#8230;<\/p>\n<h4>La source de chaleur<\/h4>\n<p>Je vise toujours le moindre co\u00fbt, et ce qui me semble le plus simple.<\/p>\n<p>J&rsquo;ai trouv\u00e9 sur Amazon des \u00e9l\u00e9ments chauffants tr\u00e8s \u00e9conomiques pr\u00e9vus pour l&rsquo;automobile.<\/p>\n<p><img loading=\"lazy\" decoding=\"async\" class=\"alignnone size-full wp-image-1019 aligncenter\" src=\"https:\/\/www.aacmb.fr\/wordpress\/wp-content\/uploads\/2019\/01\/chauffage_01.jpg\" alt=\"\" width=\"500\" height=\"328\" srcset=\"https:\/\/www.aacmb.fr\/wordpress\/wp-content\/uploads\/2019\/01\/chauffage_01.jpg 500w, https:\/\/www.aacmb.fr\/wordpress\/wp-content\/uploads\/2019\/01\/chauffage_01-350x230.jpg 350w, https:\/\/www.aacmb.fr\/wordpress\/wp-content\/uploads\/2019\/01\/chauffage_01-300x197.jpg 300w\" sizes=\"auto, (max-width: 500px) 100vw, 500px\" \/><\/p>\n<p>Il s&rsquo;agit d&rsquo;une simple plaque aliment\u00e9e en 12V pour une puissance de 20W, en pure effet Joules. Elle est annonc\u00e9e pouvoir monter \u00e0 60\u00b0C. J&rsquo;ai pr\u00e9vu d&rsquo;en utiliser 2 soit 40W g\u00e9n\u00e9r\u00e9s.<\/p>\n<p>En chauffage par rayonnement, ce qui importe aussi, c&rsquo;est la surface d&rsquo;\u00e9change calorifique. La pi\u00e8ce fait ici 70 mm x 30 mm. Par rapport au volume \u00e0 chauffer, ce n&rsquo;est pas vraiment id\u00e9al.<\/p>\n<p>Je vais utiliser un radiateur de refroidissement r\u00e9cup\u00e9r\u00e9 sur une carte graphique (avec p\u00e2te thermo-conductrice pour faire les choses bien). Je vais en th\u00e9orie agrandir nettement la surface d&rsquo;\u00e9change.<\/p>\n<p><img loading=\"lazy\" decoding=\"async\" class=\"size-full wp-image-1026 aligncenter\" src=\"https:\/\/www.aacmb.fr\/wordpress\/wp-content\/uploads\/2019\/01\/chauffage_02.jpg\" alt=\"\" width=\"250\" height=\"333\" srcset=\"https:\/\/www.aacmb.fr\/wordpress\/wp-content\/uploads\/2019\/01\/chauffage_02.jpg 250w, https:\/\/www.aacmb.fr\/wordpress\/wp-content\/uploads\/2019\/01\/chauffage_02-225x300.jpg 225w\" sizes=\"auto, (max-width: 250px) 100vw, 250px\" \/> <img loading=\"lazy\" decoding=\"async\" class=\"size-full wp-image-1027 aligncenter\" src=\"https:\/\/www.aacmb.fr\/wordpress\/wp-content\/uploads\/2019\/01\/chauffage_03.jpg\" alt=\"\" width=\"250\" height=\"333\" srcset=\"https:\/\/www.aacmb.fr\/wordpress\/wp-content\/uploads\/2019\/01\/chauffage_03.jpg 250w, https:\/\/www.aacmb.fr\/wordpress\/wp-content\/uploads\/2019\/01\/chauffage_03-225x300.jpg 225w\" sizes=\"auto, (max-width: 250px) 100vw, 250px\" \/><\/p>\n<p>Impression de 2 supports et installation dans le caisson &#8230;<\/p>\n<p><img loading=\"lazy\" decoding=\"async\" class=\"size-full wp-image-1031 aligncenter\" src=\"https:\/\/www.aacmb.fr\/wordpress\/wp-content\/uploads\/2019\/01\/chauffage_04.jpg\" alt=\"\" width=\"500\" height=\"667\" srcset=\"https:\/\/www.aacmb.fr\/wordpress\/wp-content\/uploads\/2019\/01\/chauffage_04.jpg 500w, https:\/\/www.aacmb.fr\/wordpress\/wp-content\/uploads\/2019\/01\/chauffage_04-350x467.jpg 350w, https:\/\/www.aacmb.fr\/wordpress\/wp-content\/uploads\/2019\/01\/chauffage_04-225x300.jpg 225w\" sizes=\"auto, (max-width: 500px) 100vw, 500px\" \/><\/p>\n<p>Premier essai avec une temp\u00e9rature initiale du caisson de 1\u00b0C (il faisait tr\u00e8s froid dehors aujourd&rsquo;hui). Apr\u00e8s 30 mn, la temp\u00e9rature int\u00e9rieure est de 8.1 \u00b0C. Apr\u00e8s 1 heure, la temp\u00e9rature est \u00e0 16\u00b0C. Je ne suis pas loin du calcul initial en terme de diff\u00e9rence de temp\u00e9rature.<\/p>\n<p>Je vais tenter d&rsquo;am\u00e9liorer un peu en positionnant un petit ventilateur \u00e0 l&rsquo;arri\u00e8re du radiateur libre, afin de cr\u00e9er une l\u00e9g\u00e8re circulation d&rsquo;air. Ceci devrait am\u00e9liorer le temps de mont\u00e9e en temp\u00e9rature.<\/p>\n<p><img loading=\"lazy\" decoding=\"async\" class=\"size-full wp-image-1036 aligncenter\" src=\"https:\/\/www.aacmb.fr\/wordpress\/wp-content\/uploads\/2019\/01\/chauffage_05.jpg\" alt=\"\" width=\"500\" height=\"667\" srcset=\"https:\/\/www.aacmb.fr\/wordpress\/wp-content\/uploads\/2019\/01\/chauffage_05.jpg 500w, https:\/\/www.aacmb.fr\/wordpress\/wp-content\/uploads\/2019\/01\/chauffage_05-350x467.jpg 350w, https:\/\/www.aacmb.fr\/wordpress\/wp-content\/uploads\/2019\/01\/chauffage_05-225x300.jpg 225w\" sizes=\"auto, (max-width: 500px) 100vw, 500px\" \/><\/p>\n<p>Voici donc le montage final : El\u00e9ments chauffants + Ventilateur + Boitier de commande. Je n&rsquo;ai gagn\u00e9 qu&rsquo;un seul degr\u00e9 (17\u00b0 maintenant), mais cette temp\u00e9rature est atteinte beaucoup rapidement.<\/p>\n\n\n<p><a href=\"..\/imprimante\/#chauffage\">Retour \u00e0 la page principale<\/a><\/p>\n","protected":false},"excerpt":{"rendered":"<p>Mon imprimante se trouve dans un petit atelier. L&rsquo;\u00e9t\u00e9, il fait chaud, L&rsquo;hiver il fait froid. Le syst\u00e8me de ventilation que j&rsquo;ai mis en place d\u00e8s le d\u00e9part, permet de r\u00e9guler correctement la mont\u00e9e en temp\u00e9rature. Mais l&rsquo;hiver, j&rsquo;ai d\u00e9j\u00e0 \u00e9t\u00e9 amen\u00e9 \u00e0 imprimer par des temp\u00e9ratures de 7\u00b0C. Pas top du tout. Mon prochain &hellip; <\/p>\n<p class=\"link-more\"><a href=\"https:\/\/www.aacmb.fr\/wordpress\/le-caisson-v3\/\" class=\"more-link\">Continuer la lecture<span class=\"screen-reader-text\"> de &laquo;&nbsp;Le caisson &#8211; V3&nbsp;&raquo;<\/span><\/a><\/p>\n","protected":false},"author":1,"featured_media":0,"parent":0,"menu_order":0,"comment_status":"closed","ping_status":"closed","template":"","meta":{"footnotes":""},"categories":[22],"tags":[],"class_list":["post-1011","page","type-page","status-publish","hentry","category-impression3d"],"_links":{"self":[{"href":"https:\/\/www.aacmb.fr\/wordpress\/wp-json\/wp\/v2\/pages\/1011","targetHints":{"allow":["GET"]}}],"collection":[{"href":"https:\/\/www.aacmb.fr\/wordpress\/wp-json\/wp\/v2\/pages"}],"about":[{"href":"https:\/\/www.aacmb.fr\/wordpress\/wp-json\/wp\/v2\/types\/page"}],"author":[{"embeddable":true,"href":"https:\/\/www.aacmb.fr\/wordpress\/wp-json\/wp\/v2\/users\/1"}],"replies":[{"embeddable":true,"href":"https:\/\/www.aacmb.fr\/wordpress\/wp-json\/wp\/v2\/comments?post=1011"}],"version-history":[{"count":0,"href":"https:\/\/www.aacmb.fr\/wordpress\/wp-json\/wp\/v2\/pages\/1011\/revisions"}],"wp:attachment":[{"href":"https:\/\/www.aacmb.fr\/wordpress\/wp-json\/wp\/v2\/media?parent=1011"}],"wp:term":[{"taxonomy":"category","embeddable":true,"href":"https:\/\/www.aacmb.fr\/wordpress\/wp-json\/wp\/v2\/categories?post=1011"},{"taxonomy":"post_tag","embeddable":true,"href":"https:\/\/www.aacmb.fr\/wordpress\/wp-json\/wp\/v2\/tags?post=1011"}],"curies":[{"name":"wp","href":"https:\/\/api.w.org\/{rel}","templated":true}]}}