{"id":101,"date":"2018-06-11T15:58:29","date_gmt":"2018-06-11T13:58:29","guid":{"rendered":"http:\/\/aacmb.ftp.info\/wordpress\/?page_id=101"},"modified":"2022-07-07T19:48:38","modified_gmt":"2022-07-07T17:48:38","slug":"un-ecran","status":"publish","type":"page","link":"https:\/\/www.aacmb.fr\/wordpress\/un-ecran\/","title":{"rendered":"Un \u00e9cran"},"content":{"rendered":"<p>L&rsquo;imprimante fonctionne, le caisson la prot\u00e8ge bien, mais un point doit \u00eatre am\u00e9lior\u00e9 : rajouter un \u00e9cran.<br>En effet, pour le moment, je n&rsquo;ai que 2 solutions :<\/p>\n<ul>\n<li>soit laisser un ordi branch\u00e9 \u00e0 l&rsquo;imprimante, et lancer les impressions depuis celui-ci,<\/li>\n<li>soit d\u00e9poser le fichier \u00e0 imprimer sur un carte SD, l&rsquo;ins\u00e9rer dans l&rsquo;imprimante et mettre sous tension pour lancer l&rsquo;impression directement.<\/li>\n<\/ul>\n<p>Dans les 2 cas, c&rsquo;est assez contraignant &#8230;<br>Dagoma propose bien s\u00fbr une option \u00e9cran + boitier cl\u00e9 en main.<br>Mais il faut aussi savoir que cet \u00e9cran est \u00ab\u00a0standard\u00a0\u00bb et disponible seul sur beaucoup de sites marchand divers (Amazon pour ne citer que lui) \u00e0 un prix largement inf\u00e9rieur. Je dis standard, car Dagoma n&rsquo;a rien trouv\u00e9 de mieux que d&rsquo;inverser sa connectique par rapport \u00e0 la carte. Donc, il suffit de le savoir, de couper les d\u00e9trompeur, et l&rsquo;\u00e9cran fonctionne parfaitement.<br>Pour ma part, la configuration de mon caisson ne me permettait plus de positionner l&rsquo;\u00e9cran comme propos\u00e9 par Dagoma.<br>J&rsquo;ai donc dessin\u00e9 mon propre boitier, et fix\u00e9 celui-ci \u00e0 l&rsquo;ext\u00e9rieur du caisson, sur l&rsquo;un des c\u00f4t\u00e9s en plexi.<br><img loading=\"lazy\" decoding=\"async\" class=\"size-full wp-image-153 aligncenter\" src=\"https:\/\/www.aacmb.fr\/wordpress\/wp-content\/uploads\/2018\/06\/20180611_201131.jpg\" alt=\"\" width=\"500\" height=\"667\" srcset=\"https:\/\/www.aacmb.fr\/wordpress\/wp-content\/uploads\/2018\/06\/20180611_201131.jpg 500w, https:\/\/www.aacmb.fr\/wordpress\/wp-content\/uploads\/2018\/06\/20180611_201131-350x467.jpg 350w, https:\/\/www.aacmb.fr\/wordpress\/wp-content\/uploads\/2018\/06\/20180611_201131-225x300.jpg 225w\" sizes=\"auto, (max-width: 500px) 100vw, 500px\" \/><br>Un vrai plus !!!<br>Maintenant, je peux tranquillement stocker sur la carte SD tous les fichiers que je souhaite imprimer, mettre la carte dans le lecteur pr\u00e9sent sur le c\u00f4t\u00e9 de l&rsquo;\u00e9cran, et s\u00e9lectionner le fichier que je souhaite imprimer.<br>J&rsquo;ai aussi, depuis cet \u00e9cran, acc\u00e8s \u00e0 de nombreux param\u00e8tres (temp\u00e9rature, d\u00e9bit, vitesses), que je peux adapter en fonction de mes choix pendant l&rsquo;impression.&nbsp;<\/p>\n\n\n<p><a href=\"..\/imprimante\/#ecran\">Retour page principale<\/a><\/p>\n","protected":false},"excerpt":{"rendered":"<p>L&rsquo;imprimante fonctionne, le caisson la prot\u00e8ge bien, mais un point doit \u00eatre am\u00e9lior\u00e9 : rajouter un \u00e9cran.En effet, pour le moment, je n&rsquo;ai que 2 solutions : soit laisser un ordi branch\u00e9 \u00e0 l&rsquo;imprimante, et lancer les impressions depuis celui-ci, soit d\u00e9poser le fichier \u00e0 imprimer sur un carte SD, l&rsquo;ins\u00e9rer dans l&rsquo;imprimante et mettre &hellip; <\/p>\n<p class=\"link-more\"><a href=\"https:\/\/www.aacmb.fr\/wordpress\/un-ecran\/\" class=\"more-link\">Continuer la lecture<span class=\"screen-reader-text\"> de &laquo;&nbsp;Un \u00e9cran&nbsp;&raquo;<\/span><\/a><\/p>\n","protected":false},"author":1,"featured_media":0,"parent":0,"menu_order":0,"comment_status":"closed","ping_status":"closed","template":"","meta":{"footnotes":""},"categories":[22],"tags":[],"class_list":["post-101","page","type-page","status-publish","hentry","category-impression3d"],"_links":{"self":[{"href":"https:\/\/www.aacmb.fr\/wordpress\/wp-json\/wp\/v2\/pages\/101","targetHints":{"allow":["GET"]}}],"collection":[{"href":"https:\/\/www.aacmb.fr\/wordpress\/wp-json\/wp\/v2\/pages"}],"about":[{"href":"https:\/\/www.aacmb.fr\/wordpress\/wp-json\/wp\/v2\/types\/page"}],"author":[{"embeddable":true,"href":"https:\/\/www.aacmb.fr\/wordpress\/wp-json\/wp\/v2\/users\/1"}],"replies":[{"embeddable":true,"href":"https:\/\/www.aacmb.fr\/wordpress\/wp-json\/wp\/v2\/comments?post=101"}],"version-history":[{"count":0,"href":"https:\/\/www.aacmb.fr\/wordpress\/wp-json\/wp\/v2\/pages\/101\/revisions"}],"wp:attachment":[{"href":"https:\/\/www.aacmb.fr\/wordpress\/wp-json\/wp\/v2\/media?parent=101"}],"wp:term":[{"taxonomy":"category","embeddable":true,"href":"https:\/\/www.aacmb.fr\/wordpress\/wp-json\/wp\/v2\/categories?post=101"},{"taxonomy":"post_tag","embeddable":true,"href":"https:\/\/www.aacmb.fr\/wordpress\/wp-json\/wp\/v2\/tags?post=101"}],"curies":[{"name":"wp","href":"https:\/\/api.w.org\/{rel}","templated":true}]}}